{"version":"1.0","provider_name":"Ag\u00eancia iNFRA","provider_url":"https:\/\/agenciainfra.com\/blog","author_name":"Ag\u00eancia iNFRA","author_url":"https:\/\/agenciainfra.com\/blog\/author\/admin\/","title":"BYD lidera emplacamento de \u00f4nibus el\u00e9tricos em agosto","type":"rich","width":600,"height":338,"html":"<blockquote class=\"wp-embedded-content\" data-secret=\"Y02sJKqmkE\"><a href=\"https:\/\/agenciainfra.com\/blog\/byd-lidera-emplacamento-de-onibus-eletricos-em-agosto\/\">BYD lidera emplacamento de \u00f4nibus el\u00e9tricos em agosto<\/a><\/blockquote><iframe sandbox=\"allow-scripts\" security=\"restricted\" src=\"https:\/\/agenciainfra.com\/blog\/byd-lidera-emplacamento-de-onibus-eletricos-em-agosto\/embed\/#?secret=Y02sJKqmkE\" width=\"600\" height=\"338\" title=\"&#8220;BYD lidera emplacamento de \u00f4nibus el\u00e9tricos em agosto&#8221; &#8212; Ag\u00eancia iNFRA\" data-secret=\"Y02sJKqmkE\" frameborder=\"0\" marginwidth=\"0\" marginheight=\"0\" scrolling=\"no\" class=\"wp-embedded-content\"><\/iframe><script>\n\/*! This file is auto-generated *\/\n!function(d,l){\"use strict\";l.querySelector&&d.addEventListener&&\"undefined\"!=typeof URL&&(d.wp=d.wp||{},d.wp.receiveEmbedMessage||(d.wp.receiveEmbedMessage=function(e){var t=e.data;if((t||t.secret||t.message||t.value)&&!\/[^a-zA-Z0-9]\/.test(t.secret)){for(var s,r,n,a=l.querySelectorAll('iframe[data-secret=\"'+t.secret+'\"]'),o=l.querySelectorAll('blockquote[data-secret=\"'+t.secret+'\"]'),c=new RegExp(\"^https?:$\",\"i\"),i=0;i<o.length;i++)o[i].style.display=\"none\";for(i=0;i<a.length;i++)s=a[i],e.source===s.contentWindow&&(s.removeAttribute(\"style\"),\"height\"===t.message?(1e3<(r=parseInt(t.value,10))?r=1e3:~~r<200&&(r=200),s.height=r):\"link\"===t.message&&(r=new URL(s.getAttribute(\"src\")),n=new URL(t.value),c.test(n.protocol))&&n.host===r.host&&l.activeElement===s&&(d.top.location.href=t.value))}},d.addEventListener(\"message\",d.wp.receiveEmbedMessage,!1),l.addEventListener(\"DOMContentLoaded\",function(){for(var e,t,s=l.querySelectorAll(\"iframe.wp-embedded-content\"),r=0;r<s.length;r++)(t=(e=s[r]).getAttribute(\"data-secret\"))||(t=Math.random().toString(36).substring(2,12),e.src+=\"#?secret=\"+t,e.setAttribute(\"data-secret\",t)),e.contentWindow.postMessage({message:\"ready\",secret:t},\"*\")},!1)))}(window,document);\n<\/script>\n","thumbnail_url":"https:\/\/agenciainfra.com\/blog\/wp-content\/uploads\/2026\/09\/onibus-eletrico-foto-byd.jpg","thumbnail_width":1280,"thumbnail_height":720,"description":"da Ag\u00eancia iNFRA A BYD informou que atingiu a marca de 126 \u00f4nibus el\u00e9tricos emplacadas em agosto, a maior entre as empresas do ramo. O n\u00famero representa 49,61% das 254 unidades com placas registradas no per\u00edodo. De janeiro a agosto, quando o Brasil documentou 932 \u00f4nibus el\u00e9tricos emplacados, a chinesa teve 32,3% de participa\u00e7\u00e3o, com [&hellip;]"}

Agência iNFRA

BYD lidera emplacamento de ônibus elétricos em agosto

<blockquote class="wp-embedded-content" data-secret="Y02sJKqmkE"><a href="https://agenciainfra.com/blog/byd-lidera-emplacamento-de-onibus-eletricos-em-agosto/">BYD lidera emplacamento de ônibus elétricos em agosto</a></blockquote><iframe sandbox="allow-scripts" security="restricted" src="https://agenciainfra.com/blog/byd-lidera-emplacamento-de-onibus-eletricos-em-agosto/embed/#?secret=Y02sJKqmkE" width="600" height="338" title="&#8220;BYD lidera emplacamento de ônibus elétricos em agosto&#8221; &#8212; Agência iNFRA" data-secret="Y02sJKqmkE" frameborder="0" marginwidth="0" marginheight="0" scrolling="no" class="wp-embedded-content"></iframe><script>
/*! This file is auto-generated */
!function(d,l){"use strict";l.querySelector&&d.addEventListener&&"undefined"!=typeof URL&&(d.wp=d.wp||{},d.wp.receiveEmbedMessage||(d.wp.receiveEmbedMessage=function(e){var t=e.data;if((t||t.secret||t.message||t.value)&&!/[^a-zA-Z0-9]/.test(t.secret)){for(var s,r,n,a=l.querySelectorAll('iframe[data-secret="'+t.secret+'"]'),o=l.querySelectorAll('blockquote[data-secret="'+t.secret+'"]'),c=new RegExp("^https?:$","i"),i=0;i<o.length;i++)o[i].style.display="none";for(i=0;i<a.length;i++)s=a[i],e.source===s.contentWindow&&(s.removeAttribute("style"),"height"===t.message?(1e3<(r=parseInt(t.value,10))?r=1e3:~~r<200&&(r=200),s.height=r):"link"===t.message&&(r=new URL(s.getAttribute("src")),n=new URL(t.value),c.test(n.protocol))&&n.host===r.host&&l.activeElement===s&&(d.top.location.href=t.value))}},d.addEventListener("message",d.wp.receiveEmbedMessage,!1),l.addEventListener("DOMContentLoaded",function(){for(var e,t,s=l.querySelectorAll("iframe.wp-embedded-content"),r=0;r<s.length;r++)(t=(e=s[r]).getAttribute("data-secret"))||(t=Math.random().toString(36).substring(2,12),e.src+="#?secret="+t,e.setAttribute("data-secret",t)),e.contentWindow.postMessage({message:"ready",secret:t},"*")},!1)))}(window,document);
</script>

da Agência iNFRA A BYD informou que atingiu a marca de 126 ônibus elétricos emplacadas em agosto, a maior entre as empresas do ramo. O número representa 49,61% das 254 unidades com placas registradas no período. De janeiro a agosto, quando o Brasil documentou 932 ônibus elétricos emplacados, a chinesa teve 32,3% de participação, com [&hellip;]
