{"version":"1.0","provider_name":"Ag\u00eancia iNFRA","provider_url":"https:\/\/agenciainfra.com\/blog","author_name":"Rodrigo Zuquim","author_url":"https:\/\/agenciainfra.com\/blog\/author\/rodrigo-zuquim\/","title":"iNFRADebate: Contribui\u00e7\u00e3o ao Pr\u00f3-Brasil","type":"rich","width":600,"height":338,"html":"<blockquote class=\"wp-embedded-content\" data-secret=\"Qeh2YzGFI4\"><a href=\"https:\/\/agenciainfra.com\/blog\/infradebate-contribuicao-ao-pro-brasil\/\">iNFRADebate: Contribui\u00e7\u00e3o ao Pr\u00f3-Brasil<\/a><\/blockquote><iframe sandbox=\"allow-scripts\" security=\"restricted\" src=\"https:\/\/agenciainfra.com\/blog\/infradebate-contribuicao-ao-pro-brasil\/embed\/#?secret=Qeh2YzGFI4\" width=\"600\" height=\"338\" title=\"&#8220;iNFRADebate: Contribui\u00e7\u00e3o ao Pr\u00f3-Brasil&#8221; &#8212; Ag\u00eancia iNFRA\" data-secret=\"Qeh2YzGFI4\" frameborder=\"0\" marginwidth=\"0\" marginheight=\"0\" scrolling=\"no\" class=\"wp-embedded-content\"><\/iframe><script>\n\/*! This file is auto-generated *\/\n!function(d,l){\"use strict\";l.querySelector&&d.addEventListener&&\"undefined\"!=typeof URL&&(d.wp=d.wp||{},d.wp.receiveEmbedMessage||(d.wp.receiveEmbedMessage=function(e){var t=e.data;if((t||t.secret||t.message||t.value)&&!\/[^a-zA-Z0-9]\/.test(t.secret)){for(var s,r,n,a=l.querySelectorAll('iframe[data-secret=\"'+t.secret+'\"]'),o=l.querySelectorAll('blockquote[data-secret=\"'+t.secret+'\"]'),c=new RegExp(\"^https?:$\",\"i\"),i=0;i<o.length;i++)o[i].style.display=\"none\";for(i=0;i<a.length;i++)s=a[i],e.source===s.contentWindow&&(s.removeAttribute(\"style\"),\"height\"===t.message?(1e3<(r=parseInt(t.value,10))?r=1e3:~~r<200&&(r=200),s.height=r):\"link\"===t.message&&(r=new URL(s.getAttribute(\"src\")),n=new URL(t.value),c.test(n.protocol))&&n.host===r.host&&l.activeElement===s&&(d.top.location.href=t.value))}},d.addEventListener(\"message\",d.wp.receiveEmbedMessage,!1),l.addEventListener(\"DOMContentLoaded\",function(){for(var e,t,s=l.querySelectorAll(\"iframe.wp-embedded-content\"),r=0;r<s.length;r++)(t=(e=s[r]).getAttribute(\"data-secret\"))||(t=Math.random().toString(36).substring(2,12),e.src+=\"#?secret=\"+t,e.setAttribute(\"data-secret\",t)),e.contentWindow.postMessage({message:\"ready\",secret:t},\"*\")},!1)))}(window,document);\n<\/script>\n","thumbnail_url":"https:\/\/agenciainfra.com\/blog\/wp-content\/uploads\/2020\/04\/pro-brasil-foto-anderson-riedel-pr.jpg","thumbnail_width":1280,"thumbnail_height":853,"description":"Jos\u00e9 Augusto Valente* A atual pandemia da Covid-19 est\u00e1 provocando consequ\u00eancias danosas para as economias de todos os pa\u00edses. O Brasil, com mais de 200 milh\u00f5es de habitantes, sofrer\u00e1 significativo impacto caso precise realizar mais um ou dois meses de isolamento social. Fala-se em queda de cinco pontos percentuais do PIB, acompanhada de aumento significativo [&hellip;]"}

Agência iNFRA

iNFRADebate: Contribuição ao Pró-Brasil

<blockquote class="wp-embedded-content" data-secret="Qeh2YzGFI4"><a href="https://agenciainfra.com/blog/infradebate-contribuicao-ao-pro-brasil/">iNFRADebate: Contribuição ao Pró-Brasil</a></blockquote><iframe sandbox="allow-scripts" security="restricted" src="https://agenciainfra.com/blog/infradebate-contribuicao-ao-pro-brasil/embed/#?secret=Qeh2YzGFI4" width="600" height="338" title="&#8220;iNFRADebate: Contribuição ao Pró-Brasil&#8221; &#8212; Agência iNFRA" data-secret="Qeh2YzGFI4" frameborder="0" marginwidth="0" marginheight="0" scrolling="no" class="wp-embedded-content"></iframe><script>
/*! This file is auto-generated */
!function(d,l){"use strict";l.querySelector&&d.addEventListener&&"undefined"!=typeof URL&&(d.wp=d.wp||{},d.wp.receiveEmbedMessage||(d.wp.receiveEmbedMessage=function(e){var t=e.data;if((t||t.secret||t.message||t.value)&&!/[^a-zA-Z0-9]/.test(t.secret)){for(var s,r,n,a=l.querySelectorAll('iframe[data-secret="'+t.secret+'"]'),o=l.querySelectorAll('blockquote[data-secret="'+t.secret+'"]'),c=new RegExp("^https?:$","i"),i=0;i<o.length;i++)o[i].style.display="none";for(i=0;i<a.length;i++)s=a[i],e.source===s.contentWindow&&(s.removeAttribute("style"),"height"===t.message?(1e3<(r=parseInt(t.value,10))?r=1e3:~~r<200&&(r=200),s.height=r):"link"===t.message&&(r=new URL(s.getAttribute("src")),n=new URL(t.value),c.test(n.protocol))&&n.host===r.host&&l.activeElement===s&&(d.top.location.href=t.value))}},d.addEventListener("message",d.wp.receiveEmbedMessage,!1),l.addEventListener("DOMContentLoaded",function(){for(var e,t,s=l.querySelectorAll("iframe.wp-embedded-content"),r=0;r<s.length;r++)(t=(e=s[r]).getAttribute("data-secret"))||(t=Math.random().toString(36).substring(2,12),e.src+="#?secret="+t,e.setAttribute("data-secret",t)),e.contentWindow.postMessage({message:"ready",secret:t},"*")},!1)))}(window,document);
</script>

José Augusto Valente* A atual pandemia da Covid-19 está provocando consequências danosas para as economias de todos os países. O Brasil, com mais de 200 milhões de habitantes, sofrerá significativo impacto caso precise realizar mais um ou dois meses de isolamento social. Fala-se em queda de cinco pontos percentuais do PIB, acompanhada de aumento significativo [&hellip;]
