{"version":"1.0","provider_name":"Ag\u00eancia iNFRA","provider_url":"https:\/\/agenciainfra.com\/blog","author_name":"Ag\u00eancia iNFRA","author_url":"https:\/\/agenciainfra.com\/blog\/author\/admin\/","title":"iNFRADebate: Lixo \u00e9 energia e solu\u00e7\u00e3o ambiental","type":"rich","width":600,"height":338,"html":"<blockquote class=\"wp-embedded-content\" data-secret=\"2G6oUZUhGr\"><a href=\"https:\/\/agenciainfra.com\/blog\/infradebate-lixo-e-energia-e-solucao-ambiental\/\">iNFRADebate: Lixo \u00e9 energia e solu\u00e7\u00e3o ambiental<\/a><\/blockquote><iframe sandbox=\"allow-scripts\" security=\"restricted\" src=\"https:\/\/agenciainfra.com\/blog\/infradebate-lixo-e-energia-e-solucao-ambiental\/embed\/#?secret=2G6oUZUhGr\" width=\"600\" height=\"338\" title=\"&#8220;iNFRADebate: Lixo \u00e9 energia e solu\u00e7\u00e3o ambiental&#8221; &#8212; Ag\u00eancia iNFRA\" data-secret=\"2G6oUZUhGr\" frameborder=\"0\" marginwidth=\"0\" marginheight=\"0\" scrolling=\"no\" class=\"wp-embedded-content\"><\/iframe><script>\n\/*! This file is auto-generated *\/\n!function(d,l){\"use strict\";l.querySelector&&d.addEventListener&&\"undefined\"!=typeof URL&&(d.wp=d.wp||{},d.wp.receiveEmbedMessage||(d.wp.receiveEmbedMessage=function(e){var t=e.data;if((t||t.secret||t.message||t.value)&&!\/[^a-zA-Z0-9]\/.test(t.secret)){for(var s,r,n,a=l.querySelectorAll('iframe[data-secret=\"'+t.secret+'\"]'),o=l.querySelectorAll('blockquote[data-secret=\"'+t.secret+'\"]'),c=new RegExp(\"^https?:$\",\"i\"),i=0;i<o.length;i++)o[i].style.display=\"none\";for(i=0;i<a.length;i++)s=a[i],e.source===s.contentWindow&&(s.removeAttribute(\"style\"),\"height\"===t.message?(1e3<(r=parseInt(t.value,10))?r=1e3:~~r<200&&(r=200),s.height=r):\"link\"===t.message&&(r=new URL(s.getAttribute(\"src\")),n=new URL(t.value),c.test(n.protocol))&&n.host===r.host&&l.activeElement===s&&(d.top.location.href=t.value))}},d.addEventListener(\"message\",d.wp.receiveEmbedMessage,!1),l.addEventListener(\"DOMContentLoaded\",function(){for(var e,t,s=l.querySelectorAll(\"iframe.wp-embedded-content\"),r=0;r<s.length;r++)(t=(e=s[r]).getAttribute(\"data-secret\"))||(t=Math.random().toString(36).substring(2,12),e.src+=\"#?secret=\"+t,e.setAttribute(\"data-secret\",t)),e.contentWindow.postMessage({message:\"ready\",secret:t},\"*\")},!1)))}(window,document);\n<\/script>\n","thumbnail_url":"https:\/\/agenciainfra.com\/blog\/wp-content\/uploads\/2023\/08\/lixo-residuos-solidos-urbanos-foto-prefeitura-de-curitiba.jpg","thumbnail_width":1202,"thumbnail_height":801,"description":"Jo\u00e3o Carlos Mello* Levar o lixo para fora. Levar o lixo separado para fora. Levar o lixo n\u00e3o recicl\u00e1vel para fora e encaminh\u00e1-lo a um processo de valoriza\u00e7\u00e3o que agregue benef\u00edcios ao setor de saneamento e \u00e0 sa\u00fade p\u00fablica do Pa\u00eds. Uma das grandes li\u00e7\u00f5es do homem moderno nos centros urbanos, a destina\u00e7\u00e3o adequada e [&hellip;]"}

Agência iNFRA

iNFRADebate: Lixo é energia e solução ambiental

<blockquote class="wp-embedded-content" data-secret="2G6oUZUhGr"><a href="https://agenciainfra.com/blog/infradebate-lixo-e-energia-e-solucao-ambiental/">iNFRADebate: Lixo é energia e solução ambiental</a></blockquote><iframe sandbox="allow-scripts" security="restricted" src="https://agenciainfra.com/blog/infradebate-lixo-e-energia-e-solucao-ambiental/embed/#?secret=2G6oUZUhGr" width="600" height="338" title="&#8220;iNFRADebate: Lixo é energia e solução ambiental&#8221; &#8212; Agência iNFRA" data-secret="2G6oUZUhGr" frameborder="0" marginwidth="0" marginheight="0" scrolling="no" class="wp-embedded-content"></iframe><script>
/*! This file is auto-generated */
!function(d,l){"use strict";l.querySelector&&d.addEventListener&&"undefined"!=typeof URL&&(d.wp=d.wp||{},d.wp.receiveEmbedMessage||(d.wp.receiveEmbedMessage=function(e){var t=e.data;if((t||t.secret||t.message||t.value)&&!/[^a-zA-Z0-9]/.test(t.secret)){for(var s,r,n,a=l.querySelectorAll('iframe[data-secret="'+t.secret+'"]'),o=l.querySelectorAll('blockquote[data-secret="'+t.secret+'"]'),c=new RegExp("^https?:$","i"),i=0;i<o.length;i++)o[i].style.display="none";for(i=0;i<a.length;i++)s=a[i],e.source===s.contentWindow&&(s.removeAttribute("style"),"height"===t.message?(1e3<(r=parseInt(t.value,10))?r=1e3:~~r<200&&(r=200),s.height=r):"link"===t.message&&(r=new URL(s.getAttribute("src")),n=new URL(t.value),c.test(n.protocol))&&n.host===r.host&&l.activeElement===s&&(d.top.location.href=t.value))}},d.addEventListener("message",d.wp.receiveEmbedMessage,!1),l.addEventListener("DOMContentLoaded",function(){for(var e,t,s=l.querySelectorAll("iframe.wp-embedded-content"),r=0;r<s.length;r++)(t=(e=s[r]).getAttribute("data-secret"))||(t=Math.random().toString(36).substring(2,12),e.src+="#?secret="+t,e.setAttribute("data-secret",t)),e.contentWindow.postMessage({message:"ready",secret:t},"*")},!1)))}(window,document);
</script>

João Carlos Mello* Levar o lixo para fora. Levar o lixo separado para fora. Levar o lixo não reciclável para fora e encaminhá-lo a um processo de valorização que agregue benefícios ao setor de saneamento e à saúde pública do País. Uma das grandes lições do homem moderno nos centros urbanos, a destinação adequada e [&hellip;]
