{"version":"1.0","provider_name":"Ag\u00eancia iNFRA","provider_url":"https:\/\/agenciainfra.com\/blog","author_name":"Rodrigo Zuquim","author_url":"https:\/\/agenciainfra.com\/blog\/author\/rodrigo-zuquim\/","title":"iNFRADebate: Sanear, coletar, tratar, preservar e educar","type":"rich","width":600,"height":338,"html":"<blockquote class=\"wp-embedded-content\" data-secret=\"Wxs1C466Vv\"><a href=\"https:\/\/agenciainfra.com\/blog\/infradebate-sanear-coletar-tratar-preservar-e-educar\/\">iNFRADebate: Sanear, coletar, tratar, preservar e educar<\/a><\/blockquote><iframe sandbox=\"allow-scripts\" security=\"restricted\" src=\"https:\/\/agenciainfra.com\/blog\/infradebate-sanear-coletar-tratar-preservar-e-educar\/embed\/#?secret=Wxs1C466Vv\" width=\"600\" height=\"338\" title=\"&#8220;iNFRADebate: Sanear, coletar, tratar, preservar e educar&#8221; &#8212; Ag\u00eancia iNFRA\" data-secret=\"Wxs1C466Vv\" frameborder=\"0\" marginwidth=\"0\" marginheight=\"0\" scrolling=\"no\" class=\"wp-embedded-content\"><\/iframe><script>\n\/*! This file is auto-generated *\/\n!function(d,l){\"use strict\";l.querySelector&&d.addEventListener&&\"undefined\"!=typeof URL&&(d.wp=d.wp||{},d.wp.receiveEmbedMessage||(d.wp.receiveEmbedMessage=function(e){var t=e.data;if((t||t.secret||t.message||t.value)&&!\/[^a-zA-Z0-9]\/.test(t.secret)){for(var s,r,n,a=l.querySelectorAll('iframe[data-secret=\"'+t.secret+'\"]'),o=l.querySelectorAll('blockquote[data-secret=\"'+t.secret+'\"]'),c=new RegExp(\"^https?:$\",\"i\"),i=0;i<o.length;i++)o[i].style.display=\"none\";for(i=0;i<a.length;i++)s=a[i],e.source===s.contentWindow&&(s.removeAttribute(\"style\"),\"height\"===t.message?(1e3<(r=parseInt(t.value,10))?r=1e3:~~r<200&&(r=200),s.height=r):\"link\"===t.message&&(r=new URL(s.getAttribute(\"src\")),n=new URL(t.value),c.test(n.protocol))&&n.host===r.host&&l.activeElement===s&&(d.top.location.href=t.value))}},d.addEventListener(\"message\",d.wp.receiveEmbedMessage,!1),l.addEventListener(\"DOMContentLoaded\",function(){for(var e,t,s=l.querySelectorAll(\"iframe.wp-embedded-content\"),r=0;r<s.length;r++)(t=(e=s[r]).getAttribute(\"data-secret\"))||(t=Math.random().toString(36).substring(2,12),e.src+=\"#?secret=\"+t,e.setAttribute(\"data-secret\",t)),e.contentWindow.postMessage({message:\"ready\",secret:t},\"*\")},!1)))}(window,document);\n<\/script>\n","thumbnail_url":"https:\/\/agenciainfra.com\/blog\/wp-content\/uploads\/2020\/08\/tratamento-esgoto-foto-denio-simoes-agencia-brasilia.jpg","thumbnail_width":1280,"thumbnail_height":853,"description":"Abel Holtz* Regozijo por ter a maior reserva de \u00e1gua doce do mundo exige responsabilidade por mant\u00ea-la Me recordo que pelos idos dos anos de 1948\/ 49 as \u00e1guas servidas eram canalizadas at\u00e9 o ponto mais pr\u00f3ximo ao curso d\u2019\u00e1gua nas cercanias das habita\u00e7\u00f5es enquanto o esgoto sanit\u00e1rio era levado a fossas escavadas nos quintais [&hellip;]"}

Agência iNFRA

<blockquote class="wp-embedded-content" data-secret="Wxs1C466Vv"><a href="https://agenciainfra.com/blog/infradebate-sanear-coletar-tratar-preservar-e-educar/">iNFRADebate: Sanear, coletar, tratar, preservar e educar</a></blockquote><iframe sandbox="allow-scripts" security="restricted" src="https://agenciainfra.com/blog/infradebate-sanear-coletar-tratar-preservar-e-educar/embed/#?secret=Wxs1C466Vv" width="600" height="338" title="&#8220;iNFRADebate: Sanear, coletar, tratar, preservar e educar&#8221; &#8212; Agência iNFRA" data-secret="Wxs1C466Vv" frameborder="0" marginwidth="0" marginheight="0" scrolling="no" class="wp-embedded-content"></iframe><script>
/*! This file is auto-generated */
!function(d,l){"use strict";l.querySelector&&d.addEventListener&&"undefined"!=typeof URL&&(d.wp=d.wp||{},d.wp.receiveEmbedMessage||(d.wp.receiveEmbedMessage=function(e){var t=e.data;if((t||t.secret||t.message||t.value)&&!/[^a-zA-Z0-9]/.test(t.secret)){for(var s,r,n,a=l.querySelectorAll('iframe[data-secret="'+t.secret+'"]'),o=l.querySelectorAll('blockquote[data-secret="'+t.secret+'"]'),c=new RegExp("^https?:$","i"),i=0;i<o.length;i++)o[i].style.display="none";for(i=0;i<a.length;i++)s=a[i],e.source===s.contentWindow&&(s.removeAttribute("style"),"height"===t.message?(1e3<(r=parseInt(t.value,10))?r=1e3:~~r<200&&(r=200),s.height=r):"link"===t.message&&(r=new URL(s.getAttribute("src")),n=new URL(t.value),c.test(n.protocol))&&n.host===r.host&&l.activeElement===s&&(d.top.location.href=t.value))}},d.addEventListener("message",d.wp.receiveEmbedMessage,!1),l.addEventListener("DOMContentLoaded",function(){for(var e,t,s=l.querySelectorAll("iframe.wp-embedded-content"),r=0;r<s.length;r++)(t=(e=s[r]).getAttribute("data-secret"))||(t=Math.random().toString(36).substring(2,12),e.src+="#?secret="+t,e.setAttribute("data-secret",t)),e.contentWindow.postMessage({message:"ready",secret:t},"*")},!1)))}(window,document);
</script>

Abel Holtz* Regozijo por ter a maior reserva de água doce do mundo exige responsabilidade por mantê-la Me recordo que pelos idos dos anos de 1948/ 49 as águas servidas eram canalizadas até o ponto mais próximo ao curso d’água nas cercanias das habitações enquanto o esgoto sanitário era levado a fossas escavadas nos quintais [&hellip;]
