{"version":"1.0","provider_name":"Ag\u00eancia iNFRA","provider_url":"https:\/\/agenciainfra.com\/blog","author_name":"Ag\u00eancia iNFRA","author_url":"https:\/\/agenciainfra.com\/blog\/author\/admin\/","title":"Minerais cr\u00edticos ganham entidade no Brasil, a AMC","type":"rich","width":600,"height":338,"html":"<blockquote class=\"wp-embedded-content\" data-secret=\"w0Nu5J6674\"><a href=\"https:\/\/agenciainfra.com\/blog\/minerais-criticos-ganham-entidade-no-brasil-a-amc\/\">Minerais cr\u00edticos ganham entidade no Brasil, a AMC<\/a><\/blockquote><iframe sandbox=\"allow-scripts\" security=\"restricted\" src=\"https:\/\/agenciainfra.com\/blog\/minerais-criticos-ganham-entidade-no-brasil-a-amc\/embed\/#?secret=w0Nu5J6674\" width=\"600\" height=\"338\" title=\"&#8220;Minerais cr\u00edticos ganham entidade no Brasil, a AMC&#8221; &#8212; Ag\u00eancia iNFRA\" data-secret=\"w0Nu5J6674\" frameborder=\"0\" marginwidth=\"0\" marginheight=\"0\" scrolling=\"no\" class=\"wp-embedded-content\"><\/iframe><script>\n\/*! This file is auto-generated *\/\n!function(d,l){\"use strict\";l.querySelector&&d.addEventListener&&\"undefined\"!=typeof URL&&(d.wp=d.wp||{},d.wp.receiveEmbedMessage||(d.wp.receiveEmbedMessage=function(e){var t=e.data;if((t||t.secret||t.message||t.value)&&!\/[^a-zA-Z0-9]\/.test(t.secret)){for(var s,r,n,a=l.querySelectorAll('iframe[data-secret=\"'+t.secret+'\"]'),o=l.querySelectorAll('blockquote[data-secret=\"'+t.secret+'\"]'),c=new RegExp(\"^https?:$\",\"i\"),i=0;i<o.length;i++)o[i].style.display=\"none\";for(i=0;i<a.length;i++)s=a[i],e.source===s.contentWindow&&(s.removeAttribute(\"style\"),\"height\"===t.message?(1e3<(r=parseInt(t.value,10))?r=1e3:~~r<200&&(r=200),s.height=r):\"link\"===t.message&&(r=new URL(s.getAttribute(\"src\")),n=new URL(t.value),c.test(n.protocol))&&n.host===r.host&&l.activeElement===s&&(d.top.location.href=t.value))}},d.addEventListener(\"message\",d.wp.receiveEmbedMessage,!1),l.addEventListener(\"DOMContentLoaded\",function(){for(var e,t,s=l.querySelectorAll(\"iframe.wp-embedded-content\"),r=0;r<s.length;r++)(t=(e=s[r]).getAttribute(\"data-secret\"))||(t=Math.random().toString(36).substring(2,12),e.src+=\"#?secret=\"+t,e.setAttribute(\"data-secret\",t)),e.contentWindow.postMessage({message:\"ready\",secret:t},\"*\")},!1)))}(window,document);\n<\/script>\n","thumbnail_url":"https:\/\/agenciainfra.com\/blog\/wp-content\/uploads\/2025\/09\/Dominik-Vanyi-Unsplash-1.jpg","thumbnail_width":1280,"thumbnail_height":917,"description":"Rafael Bitencourt, da Ag\u00eancia iNFRA As mineradoras que participam da corrida pela explora\u00e7\u00e3o de minerais cr\u00edticos no Brasil \u2013 com porte menor do que as gigantes do setor, como Vale, BHP, Anglo American e Kinross \u2013 lan\u00e7am nesta ter\u00e7a-feira (25) a AMC (Associa\u00e7\u00e3o de Minerais Cr\u00edticos). A entidade de representa\u00e7\u00e3o nacional ser\u00e1 formada pelas \u201cjunior [&hellip;]"}

Agência iNFRA

Minerais críticos ganham entidade no Brasil, a AMC

<blockquote class="wp-embedded-content" data-secret="w0Nu5J6674"><a href="https://agenciainfra.com/blog/minerais-criticos-ganham-entidade-no-brasil-a-amc/">Minerais críticos ganham entidade no Brasil, a AMC</a></blockquote><iframe sandbox="allow-scripts" security="restricted" src="https://agenciainfra.com/blog/minerais-criticos-ganham-entidade-no-brasil-a-amc/embed/#?secret=w0Nu5J6674" width="600" height="338" title="&#8220;Minerais críticos ganham entidade no Brasil, a AMC&#8221; &#8212; Agência iNFRA" data-secret="w0Nu5J6674" frameborder="0" marginwidth="0" marginheight="0" scrolling="no" class="wp-embedded-content"></iframe><script>
/*! This file is auto-generated */
!function(d,l){"use strict";l.querySelector&&d.addEventListener&&"undefined"!=typeof URL&&(d.wp=d.wp||{},d.wp.receiveEmbedMessage||(d.wp.receiveEmbedMessage=function(e){var t=e.data;if((t||t.secret||t.message||t.value)&&!/[^a-zA-Z0-9]/.test(t.secret)){for(var s,r,n,a=l.querySelectorAll('iframe[data-secret="'+t.secret+'"]'),o=l.querySelectorAll('blockquote[data-secret="'+t.secret+'"]'),c=new RegExp("^https?:$","i"),i=0;i<o.length;i++)o[i].style.display="none";for(i=0;i<a.length;i++)s=a[i],e.source===s.contentWindow&&(s.removeAttribute("style"),"height"===t.message?(1e3<(r=parseInt(t.value,10))?r=1e3:~~r<200&&(r=200),s.height=r):"link"===t.message&&(r=new URL(s.getAttribute("src")),n=new URL(t.value),c.test(n.protocol))&&n.host===r.host&&l.activeElement===s&&(d.top.location.href=t.value))}},d.addEventListener("message",d.wp.receiveEmbedMessage,!1),l.addEventListener("DOMContentLoaded",function(){for(var e,t,s=l.querySelectorAll("iframe.wp-embedded-content"),r=0;r<s.length;r++)(t=(e=s[r]).getAttribute("data-secret"))||(t=Math.random().toString(36).substring(2,12),e.src+="#?secret="+t,e.setAttribute("data-secret",t)),e.contentWindow.postMessage({message:"ready",secret:t},"*")},!1)))}(window,document);
</script>

Rafael Bitencourt, da Agência iNFRA As mineradoras que participam da corrida pela exploração de minerais críticos no Brasil – com porte menor do que as gigantes do setor, como Vale, BHP, Anglo American e Kinross – lançam nesta terça-feira (25) a AMC (Associação de Minerais Críticos). A entidade de representação nacional será formada pelas “junior [&hellip;]
