{"version":"1.0","provider_name":"Ag\u00eancia iNFRA","provider_url":"https:\/\/agenciainfra.com\/blog","author_name":"Ag\u00eancia iNFRA","author_url":"https:\/\/agenciainfra.com\/blog\/author\/admin\/","title":"Setor recha\u00e7a imposto de 12% sobre exporta\u00e7\u00e3o de petr\u00f3leo","type":"rich","width":600,"height":338,"html":"<blockquote class=\"wp-embedded-content\" data-secret=\"wim61U4XEN\"><a href=\"https:\/\/agenciainfra.com\/blog\/setor-rechaca-imposto-sobre-exportacao-de-petroleo\/\">Setor recha\u00e7a imposto de 12% sobre exporta\u00e7\u00e3o de petr\u00f3leo<\/a><\/blockquote><iframe sandbox=\"allow-scripts\" security=\"restricted\" src=\"https:\/\/agenciainfra.com\/blog\/setor-rechaca-imposto-sobre-exportacao-de-petroleo\/embed\/#?secret=wim61U4XEN\" width=\"600\" height=\"338\" title=\"&#8220;Setor recha\u00e7a imposto de 12% sobre exporta\u00e7\u00e3o de petr\u00f3leo&#8221; &#8212; Ag\u00eancia iNFRA\" data-secret=\"wim61U4XEN\" frameborder=\"0\" marginwidth=\"0\" marginheight=\"0\" scrolling=\"no\" class=\"wp-embedded-content\"><\/iframe><script>\n\/*! This file is auto-generated *\/\n!function(d,l){\"use strict\";l.querySelector&&d.addEventListener&&\"undefined\"!=typeof URL&&(d.wp=d.wp||{},d.wp.receiveEmbedMessage||(d.wp.receiveEmbedMessage=function(e){var t=e.data;if((t||t.secret||t.message||t.value)&&!\/[^a-zA-Z0-9]\/.test(t.secret)){for(var s,r,n,a=l.querySelectorAll('iframe[data-secret=\"'+t.secret+'\"]'),o=l.querySelectorAll('blockquote[data-secret=\"'+t.secret+'\"]'),c=new RegExp(\"^https?:$\",\"i\"),i=0;i<o.length;i++)o[i].style.display=\"none\";for(i=0;i<a.length;i++)s=a[i],e.source===s.contentWindow&&(s.removeAttribute(\"style\"),\"height\"===t.message?(1e3<(r=parseInt(t.value,10))?r=1e3:~~r<200&&(r=200),s.height=r):\"link\"===t.message&&(r=new URL(s.getAttribute(\"src\")),n=new URL(t.value),c.test(n.protocol))&&n.host===r.host&&l.activeElement===s&&(d.top.location.href=t.value))}},d.addEventListener(\"message\",d.wp.receiveEmbedMessage,!1),l.addEventListener(\"DOMContentLoaded\",function(){for(var e,t,s=l.querySelectorAll(\"iframe.wp-embedded-content\"),r=0;r<s.length;r++)(t=(e=s[r]).getAttribute(\"data-secret\"))||(t=Math.random().toString(36).substring(2,12),e.src+=\"#?secret=\"+t,e.setAttribute(\"data-secret\",t)),e.contentWindow.postMessage({message:\"ready\",secret:t},\"*\")},!1)))}(window,document);\n<\/script>\n","thumbnail_url":"https:\/\/agenciainfra.com\/blog\/wp-content\/uploads\/2025\/10\/amostra-petroleo-foto-roberto-rosa-petrobras-scaled-e1773411992771.jpg","thumbnail_width":1278,"thumbnail_height":783,"description":"Lais Carregosa, Gabriel Vasconcelos e Rafael Bitencourt, da Ag\u00eancia iNFRA O setor de petr\u00f3leo e g\u00e1s natural recha\u00e7ou amplamente a cria\u00e7\u00e3o de um imposto de exporta\u00e7\u00e3o, com al\u00edquota de 12%, sobre o petr\u00f3leo bruto. A medida faz parte de um pacote assinado pelo presidente Lula na quinta-feira (12) para conter a alta do \u00f3leo diesel [&hellip;]"}

Agência iNFRA

Setor rechaça imposto de 12% sobre exportação de petróleo

<blockquote class="wp-embedded-content" data-secret="wim61U4XEN"><a href="https://agenciainfra.com/blog/setor-rechaca-imposto-sobre-exportacao-de-petroleo/">Setor rechaça imposto de 12% sobre exportação de petróleo</a></blockquote><iframe sandbox="allow-scripts" security="restricted" src="https://agenciainfra.com/blog/setor-rechaca-imposto-sobre-exportacao-de-petroleo/embed/#?secret=wim61U4XEN" width="600" height="338" title="&#8220;Setor rechaça imposto de 12% sobre exportação de petróleo&#8221; &#8212; Agência iNFRA" data-secret="wim61U4XEN" frameborder="0" marginwidth="0" marginheight="0" scrolling="no" class="wp-embedded-content"></iframe><script>
/*! This file is auto-generated */
!function(d,l){"use strict";l.querySelector&&d.addEventListener&&"undefined"!=typeof URL&&(d.wp=d.wp||{},d.wp.receiveEmbedMessage||(d.wp.receiveEmbedMessage=function(e){var t=e.data;if((t||t.secret||t.message||t.value)&&!/[^a-zA-Z0-9]/.test(t.secret)){for(var s,r,n,a=l.querySelectorAll('iframe[data-secret="'+t.secret+'"]'),o=l.querySelectorAll('blockquote[data-secret="'+t.secret+'"]'),c=new RegExp("^https?:$","i"),i=0;i<o.length;i++)o[i].style.display="none";for(i=0;i<a.length;i++)s=a[i],e.source===s.contentWindow&&(s.removeAttribute("style"),"height"===t.message?(1e3<(r=parseInt(t.value,10))?r=1e3:~~r<200&&(r=200),s.height=r):"link"===t.message&&(r=new URL(s.getAttribute("src")),n=new URL(t.value),c.test(n.protocol))&&n.host===r.host&&l.activeElement===s&&(d.top.location.href=t.value))}},d.addEventListener("message",d.wp.receiveEmbedMessage,!1),l.addEventListener("DOMContentLoaded",function(){for(var e,t,s=l.querySelectorAll("iframe.wp-embedded-content"),r=0;r<s.length;r++)(t=(e=s[r]).getAttribute("data-secret"))||(t=Math.random().toString(36).substring(2,12),e.src+="#?secret="+t,e.setAttribute("data-secret",t)),e.contentWindow.postMessage({message:"ready",secret:t},"*")},!1)))}(window,document);
</script>

Lais Carregosa, Gabriel Vasconcelos e Rafael Bitencourt, da Agência iNFRA O setor de petróleo e gás natural rechaçou amplamente a criação de um imposto de exportação, com alíquota de 12%, sobre o petróleo bruto. A medida faz parte de um pacote assinado pelo presidente Lula na quinta-feira (12) para conter a alta do óleo diesel [&hellip;]
