{"id":3814,"date":"2019-10-03T13:30:34","date_gmt":"2019-10-03T16:30:34","guid":{"rendered":"http:\/\/www.agenciainfra.com\/blog\/?page_id=3814"},"modified":"2019-10-03T12:42:19","modified_gmt":"2019-10-03T15:42:19","slug":"br-do-mar-pacote-para-cabotagem-e-apontado-como-solucao-para-o-crescimento-mas-tem-impasse","status":"publish","type":"page","link":"https:\/\/agenciainfra.com\/blog\/br-do-mar-pacote-para-cabotagem-e-apontado-como-solucao-para-o-crescimento-mas-tem-impasse\/","title":{"rendered":"BR do Mar: Pacote para cabotagem \u00e9 apontado como solu\u00e7\u00e3o para o crescimento, mas tem impasse"},"content":{"rendered":"<div>\n<h5 style=\"text-align: right;\"><strong>Da Equipe da Ag\u00eancia iNFRA<\/strong><\/h5>\n<div>\n<p>\u00c9 prov\u00e1vel que a navega\u00e7\u00e3o de cabotagem exista na costa do Brasil h\u00e1 alguns mil\u00eanios e a revela\u00e7\u00e3o do diretor do Departamento de Navega\u00e7\u00e3o e Hidrovias do Minist\u00e9rio da Infraestrutura, Dino Antunes, de que at\u00e9 tr\u00eas anos atr\u00e1s n\u00e3o havia \u00f3rg\u00e3o no governo federal para cuidar do tema chega a ser chocante.<\/p>\n<p>O tempo que se perdeu sem que o tema fosse discutido num pa\u00eds com uma costa que pode ser considerada com mais de 10 mil quil\u00f4metros certamente contribuiu para que se chegasse \u00e0 situa\u00e7\u00e3o atual: apenas 11% do transporte de carga no pa\u00eds \u00e9 levado por esse meio (o mais barato), com o cruel detalhe de que 2\/3 disso correspondem a apenas uma opera\u00e7\u00e3o, de combust\u00edvel pela Transpetro.<\/p>\n<p>Mas o interesse despertado pela navega\u00e7\u00e3o nos \u00faltimos anos levou um seleto p\u00fablico a lotar um audit\u00f3rio em Bras\u00edlia para discutir o tema, ao longo de toda a manh\u00e3 de ter\u00e7a-feira (1\u00ba), no evento &#8220;Caf\u00e9 com iNFRA &#8211; Cabotagem: Como o Brasil Vai Desenvolver a BR do Mar&#8221;, promovido pela <strong>Ag\u00eancia iNFRA<\/strong>, com apoio do Governo do Par\u00e1 e da Praticagem do Brasil.<\/p>\n<p>O motivo para isso parece \u00f3bvio e foi lembrado pelo governador do Par\u00e1, Helder Barbalho, que abriu o encontro. Ex-secret\u00e1rio nacional de Portos, o governador apontou que, diante da intermin\u00e1vel crise fiscal por que atravessa o pa\u00eds, usar as vias aqu\u00e1ticas \u00e9 o caminho mais eficaz para o desenvolvimento.<\/p>\n<p>&#8220;A navega\u00e7\u00e3o deve ser estrat\u00e9gia central para diminuir o custo do pa\u00eds e para que possamos nos adequar para a nossa realidade financeira&#8221;, disse Barbalho, que anunciou apoio ao movimento que o governo quer fazer de isentar de ICMS no combust\u00edvel do setor como parte do projeto BR do Mar, um pacote de medidas para impulsionar o setor de cabotagem no Brasil.<\/p>\n<p>O atual secret\u00e1rio de Portos e Transportes Aquavi\u00e1rios do Minist\u00e9rio da Infraestrutura, Diogo Piloni, gravou um v\u00eddeo exclusivo para o evento (dispon\u00edvel\u00a0<a href=\"https:\/\/agenciainfra.us14.list-manage.com\/track\/click?u=d460dd1bcf9ba0ae040e1fc0f&amp;id=1dba41f7bc&amp;e=c099169394\" target=\"_blank\" rel=\"noopener noreferrer\" data-saferedirecturl=\"https:\/\/www.google.com\/url?q=https:\/\/agenciainfra.us14.list-manage.com\/track\/click?u%3Dd460dd1bcf9ba0ae040e1fc0f%26id%3D1dba41f7bc%26e%3Dc099169394&amp;source=gmail&amp;ust=1570194964226000&amp;usg=AFQjCNHh2F3XmMPYDZP5jXAJ3Fmxo0Zw9A\">neste link<\/a>) contando que, al\u00e9m de redu\u00e7\u00f5es de custos do ICMS e do AFRMM (Adicional de Frete da Marinha Mercante), o governo trabalha na flexibiliza\u00e7\u00e3o da pol\u00edtica de afretamento e na de importa\u00e7\u00e3o das embarca\u00e7\u00f5es para dar o que ele chama de &#8220;choque de oferta no setor&#8221;.<\/p>\n<p><strong>Alerta no Parlamento<\/strong><br \/>\nO governo federal ainda n\u00e3o tem um prazo para que o pacote seja enviado ao Congresso, o que levou o senador Wellington Fagundes (PL-MT) a emitir um alerta em sua palestra na abertura do evento. Segundo ele, o governo est\u00e1 com dificuldade de articula\u00e7\u00e3o para dar andamento a seus projetos legislativos, e as empresas do setor ter\u00e3o que mostrar apoio ao pacote para fazer os parlamentares entenderem que a medida \u00e9 relevante.<\/p>\n<p>Para isso, no entanto, ser\u00e1 necess\u00e1rio sair do impasse entre os setores t\u00e9cnicos dos minist\u00e9rios da Economia e da Infraestrutura sobre um ponto essencial: como abrir o mercado para que se possa ampliar a oferta de transporte de navios?<\/p>\n<p>O que j\u00e1 parece estar acordado \u00e9 que ambos concordam que n\u00e3o haver\u00e1 uma abertura para que empresas estrangeiras possam fazer cabotagem no Brasil. Economia e Infraestrutura concordam que EBNs, empresas de navega\u00e7\u00e3o registradas aqui, tenham exclusividade nesse transporte.<\/p>\n<p>O problema se concentra mais na pol\u00edtica de aquisi\u00e7\u00e3o, importa\u00e7\u00e3o e uso de navios estrangeiros. A infraestrutura quer manter regras que garantam o chamado lastro de navios, ou seja, que a EBN tenha navios constru\u00eddos no Brasil ou nacionalizados para garantir o uso de navios estrangeiros em parte das suas viagens.<\/p>\n<p>Seria a forma de garantir o m\u00ednimo de embarca\u00e7\u00f5es no Brasil e evitar grandes flutua\u00e7\u00f5es de pre\u00e7os, nas palavras do secret\u00e1rio Piloni. Para ele, isso \u00e9 essencial para que o dono da carga tome a decis\u00e3o de tirar seu transporte do setor de rodovias para migrar para a cabotagem.<\/p>\n<p>&#8220;A cabotagem precisar ter uma regularidade de m\u00e9dio e longo prazo. Se num futuro n\u00e3o houver a linha para aquela carga, esse sujeito vai voltar ao transporte rodovi\u00e1rio e ter\u00e1 ainda mais imped\u00e2ncia de voltar para a cabotagem&#8221;, disse Piloni.<\/p>\n<p>Cesar Mattos, secret\u00e1rio de Advocacia da Concorr\u00eancia do Minist\u00e9rio da Economia, afirmou que esse tipo de varia\u00e7\u00e3o deve ser aceito pelo mercado, pois \u00e9 risco do setor, lembrando que as flutua\u00e7\u00f5es s\u00e3o para os dois lados. E lembrou ainda que o formato proposto para essa regularidade pode n\u00e3o ser o mais adequado, sugerindo que ele possa ser alcan\u00e7ado com mais efici\u00eancia por contratos de longo prazo.<br \/>\n<img decoding=\"async\" class=\"CToWUd\" src=\"https:\/\/ci6.googleusercontent.com\/proxy\/x7Az90uC0FlqG1NQNJvbQl7YtYRlnWzoqu2O_ZLb9xIKhYpJarh3aZrZ_qlU6_VKMQpRwI5_nDi9FsJOqf0XSQHw_6yv1VK7rhIBScGS2g=s0-d-e1-ft#https:\/\/ssl.gstatic.com\/ui\/v1\/icons\/mail\/images\/cleardot.gif\" \/><br \/>\nSem que as duas pastas cheguem a um consenso, ser\u00e1 dif\u00edcil que o pacote avance, dada a vis\u00edvel dificuldade que o Pal\u00e1cio do Planalto tem de arbitrar conflitos. O pacote, que foi prometido para o meio do ano, j\u00e1 entra na fase final de 2019 sem estar no Congresso, cuja janela para votar temas pol\u00eamicos j\u00e1 come\u00e7a a se fechar.<\/p>\n<p>\u00c9 prudente, a partir de agora, seguir a ordem dos mar\u00edtimos para acelerar os navios: &#8220;Full Ahead Machine&#8221;.<\/p>\n<\/div>\n<\/div>\n","protected":false},"excerpt":{"rendered":"<p>Da Equipe da Ag\u00eancia iNFRA \u00c9 prov\u00e1vel que a navega\u00e7\u00e3o de cabotagem exista na costa do Brasil h\u00e1 alguns mil\u00eanios e a revela\u00e7\u00e3o do diretor do Departamento de Navega\u00e7\u00e3o e Hidrovias do Minist\u00e9rio da Infraestrutura, Dino Antunes, de que at\u00e9 tr\u00eas anos atr\u00e1s n\u00e3o havia \u00f3rg\u00e3o no governo federal para cuidar do tema chega a [&hellip;]<\/p>\n","protected":false},"author":9,"featured_media":3815,"parent":0,"menu_order":0,"comment_status":"closed","ping_status":"closed","template":"","meta":{"_monsterinsights_skip_tracking":false,"_monsterinsights_sitenote_active":false,"_monsterinsights_sitenote_note":"","_monsterinsights_sitenote_category":0,"footnotes":""},"class_list":["post-3814","page","type-page","status-publish","has-post-thumbnail","hentry"],"yoast_head":"<!-- This site is optimized with the Yoast SEO Premium plugin v25.4 (Yoast SEO v26.0) - https:\/\/yoast.com\/wordpress\/plugins\/seo\/ -->\n<title>BR do Mar: Pacote para cabotagem \u00e9 apontado como solu\u00e7\u00e3o para o crescimento, mas tem impasse - Ag\u00eancia iNFRA<\/title>\n<meta name=\"robots\" content=\"index, follow, max-snippet:-1, max-image-preview:large, max-video-preview:-1\" \/>\n<link rel=\"canonical\" href=\"https:\/\/agenciainfra.com\/blog\/br-do-mar-pacote-para-cabotagem-e-apontado-como-solucao-para-o-crescimento-mas-tem-impasse\/\" \/>\n<meta property=\"og:locale\" content=\"pt_BR\" \/>\n<meta property=\"og:type\" content=\"article\" \/>\n<meta property=\"og:title\" content=\"BR do Mar: Pacote para cabotagem \u00e9 apontado como solu\u00e7\u00e3o para o crescimento, mas tem impasse\" \/>\n<meta property=\"og:description\" content=\"Da Equipe da Ag\u00eancia iNFRA \u00c9 prov\u00e1vel que a navega\u00e7\u00e3o de cabotagem exista na costa do Brasil h\u00e1 alguns mil\u00eanios e a revela\u00e7\u00e3o do diretor do Departamento de Navega\u00e7\u00e3o e Hidrovias do Minist\u00e9rio da Infraestrutura, Dino Antunes, de que at\u00e9 tr\u00eas anos atr\u00e1s n\u00e3o havia \u00f3rg\u00e3o no governo federal para cuidar do tema chega a [&hellip;]\" \/>\n<meta property=\"og:url\" content=\"https:\/\/agenciainfra.com\/blog\/br-do-mar-pacote-para-cabotagem-e-apontado-como-solucao-para-o-crescimento-mas-tem-impasse\/\" \/>\n<meta property=\"og:site_name\" content=\"Ag\u00eancia iNFRA\" \/>\n<meta property=\"article:publisher\" content=\"https:\/\/www.facebook.com\/ageninfra\" \/>\n<meta property=\"og:image\" content=\"https:\/\/agenciainfra.com\/blog\/wp-content\/uploads\/2019\/10\/dino-antunes-foto-andre-coelho-agencia-infra.jpeg\" \/>\n\t<meta property=\"og:image:width\" content=\"1280\" \/>\n\t<meta property=\"og:image:height\" content=\"893\" \/>\n\t<meta property=\"og:image:type\" content=\"image\/jpeg\" \/>\n<meta name=\"twitter:card\" content=\"summary_large_image\" \/>\n<meta name=\"twitter:site\" content=\"@agencia_infra\" \/>\n<meta name=\"twitter:label1\" content=\"Est. tempo de leitura\" \/>\n\t<meta name=\"twitter:data1\" content=\"4 minutos\" \/>\n<script type=\"application\/ld+json\" class=\"yoast-schema-graph\">{\"@context\":\"https:\/\/schema.org\",\"@graph\":[{\"@type\":\"WebPage\",\"@id\":\"https:\/\/agenciainfra.com\/blog\/br-do-mar-pacote-para-cabotagem-e-apontado-como-solucao-para-o-crescimento-mas-tem-impasse\/\",\"url\":\"https:\/\/agenciainfra.com\/blog\/br-do-mar-pacote-para-cabotagem-e-apontado-como-solucao-para-o-crescimento-mas-tem-impasse\/\",\"name\":\"BR do Mar: Pacote para cabotagem \u00e9 apontado como solu\u00e7\u00e3o para o crescimento, mas tem impasse - Ag\u00eancia iNFRA\",\"isPartOf\":{\"@id\":\"https:\/\/agenciainfra.com\/blog\/#website\"},\"primaryImageOfPage\":{\"@id\":\"https:\/\/agenciainfra.com\/blog\/br-do-mar-pacote-para-cabotagem-e-apontado-como-solucao-para-o-crescimento-mas-tem-impasse\/#primaryimage\"},\"image\":{\"@id\":\"https:\/\/agenciainfra.com\/blog\/br-do-mar-pacote-para-cabotagem-e-apontado-como-solucao-para-o-crescimento-mas-tem-impasse\/#primaryimage\"},\"thumbnailUrl\":\"https:\/\/agenciainfra.com\/blog\/wp-content\/uploads\/2019\/10\/dino-antunes-foto-andre-coelho-agencia-infra.jpeg\",\"datePublished\":\"2019-10-03T16:30:34+00:00\",\"breadcrumb\":{\"@id\":\"https:\/\/agenciainfra.com\/blog\/br-do-mar-pacote-para-cabotagem-e-apontado-como-solucao-para-o-crescimento-mas-tem-impasse\/#breadcrumb\"},\"inLanguage\":\"pt-BR\",\"potentialAction\":[{\"@type\":\"ReadAction\",\"target\":[\"https:\/\/agenciainfra.com\/blog\/br-do-mar-pacote-para-cabotagem-e-apontado-como-solucao-para-o-crescimento-mas-tem-impasse\/\"]}]},{\"@type\":\"ImageObject\",\"inLanguage\":\"pt-BR\",\"@id\":\"https:\/\/agenciainfra.com\/blog\/br-do-mar-pacote-para-cabotagem-e-apontado-como-solucao-para-o-crescimento-mas-tem-impasse\/#primaryimage\",\"url\":\"https:\/\/agenciainfra.com\/blog\/wp-content\/uploads\/2019\/10\/dino-antunes-foto-andre-coelho-agencia-infra.jpeg\",\"contentUrl\":\"https:\/\/agenciainfra.com\/blog\/wp-content\/uploads\/2019\/10\/dino-antunes-foto-andre-coelho-agencia-infra.jpeg\",\"width\":1280,\"height\":893},{\"@type\":\"BreadcrumbList\",\"@id\":\"https:\/\/agenciainfra.com\/blog\/br-do-mar-pacote-para-cabotagem-e-apontado-como-solucao-para-o-crescimento-mas-tem-impasse\/#breadcrumb\",\"itemListElement\":[{\"@type\":\"ListItem\",\"position\":1,\"name\":\"In\u00edcio\",\"item\":\"https:\/\/agenciainfra.com\/blog\/\"},{\"@type\":\"ListItem\",\"position\":2,\"name\":\"BR do Mar: Pacote para cabotagem \u00e9 apontado como solu\u00e7\u00e3o para o crescimento, mas tem impasse\"}]},{\"@type\":\"WebSite\",\"@id\":\"https:\/\/agenciainfra.com\/blog\/#website\",\"url\":\"https:\/\/agenciainfra.com\/blog\/\",\"name\":\"Ag\u00eancia iNFRA\",\"description\":\"Multiplataforma de informa\u00e7\u00e3o jornal\u00edstica refer\u00eancia na \u00e1rea de infraestrutura no Brasil!\",\"publisher\":{\"@id\":\"https:\/\/agenciainfra.com\/blog\/#organization\"},\"potentialAction\":[{\"@type\":\"SearchAction\",\"target\":{\"@type\":\"EntryPoint\",\"urlTemplate\":\"https:\/\/agenciainfra.com\/blog\/?s={search_term_string}\"},\"query-input\":{\"@type\":\"PropertyValueSpecification\",\"valueRequired\":true,\"valueName\":\"search_term_string\"}}],\"inLanguage\":\"pt-BR\"},{\"@type\":\"Organization\",\"@id\":\"https:\/\/agenciainfra.com\/blog\/#organization\",\"name\":\"Ag\u00eancia iNFRA\",\"url\":\"https:\/\/agenciainfra.com\/blog\/\",\"logo\":{\"@type\":\"ImageObject\",\"inLanguage\":\"pt-BR\",\"@id\":\"https:\/\/agenciainfra.com\/blog\/#\/schema\/logo\/image\/\",\"url\":\"https:\/\/agenciainfra.com\/blog\/wp-content\/uploads\/2023\/09\/iNFRA_5-e1761735885940.png\",\"contentUrl\":\"https:\/\/agenciainfra.com\/blog\/wp-content\/uploads\/2023\/09\/iNFRA_5-e1761735885940.png\",\"width\":1672,\"height\":454,\"caption\":\"Ag\u00eancia iNFRA\"},\"image\":{\"@id\":\"https:\/\/agenciainfra.com\/blog\/#\/schema\/logo\/image\/\"},\"sameAs\":[\"https:\/\/www.facebook.com\/ageninfra\",\"https:\/\/x.com\/agencia_infra\",\"https:\/\/www.linkedin.com\/company\/ag\u00eanciainfra\/\",\"https:\/\/www.instagram.com\/agenciainfra\/\"]}]}<\/script>\n<!-- \/ Yoast SEO Premium plugin. -->","yoast_head_json":{"title":"BR do Mar: Pacote para cabotagem \u00e9 apontado como solu\u00e7\u00e3o para o crescimento, mas tem impasse - Ag\u00eancia iNFRA","robots":{"index":"index","follow":"follow","max-snippet":"max-snippet:-1","max-image-preview":"max-image-preview:large","max-video-preview":"max-video-preview:-1"},"canonical":"https:\/\/agenciainfra.com\/blog\/br-do-mar-pacote-para-cabotagem-e-apontado-como-solucao-para-o-crescimento-mas-tem-impasse\/","og_locale":"pt_BR","og_type":"article","og_title":"BR do Mar: Pacote para cabotagem \u00e9 apontado como solu\u00e7\u00e3o para o crescimento, mas tem impasse","og_description":"Da Equipe da Ag\u00eancia iNFRA \u00c9 prov\u00e1vel que a navega\u00e7\u00e3o de cabotagem exista na costa do Brasil h\u00e1 alguns mil\u00eanios e a revela\u00e7\u00e3o do diretor do Departamento de Navega\u00e7\u00e3o e Hidrovias do Minist\u00e9rio da Infraestrutura, Dino Antunes, de que at\u00e9 tr\u00eas anos atr\u00e1s n\u00e3o havia \u00f3rg\u00e3o no governo federal para cuidar do tema chega a [&hellip;]","og_url":"https:\/\/agenciainfra.com\/blog\/br-do-mar-pacote-para-cabotagem-e-apontado-como-solucao-para-o-crescimento-mas-tem-impasse\/","og_site_name":"Ag\u00eancia iNFRA","article_publisher":"https:\/\/www.facebook.com\/ageninfra","og_image":[{"width":1280,"height":893,"url":"https:\/\/agenciainfra.com\/blog\/wp-content\/uploads\/2019\/10\/dino-antunes-foto-andre-coelho-agencia-infra.jpeg","type":"image\/jpeg"}],"twitter_card":"summary_large_image","twitter_site":"@agencia_infra","twitter_misc":{"Est. tempo de leitura":"4 minutos"},"schema":{"@context":"https:\/\/schema.org","@graph":[{"@type":"WebPage","@id":"https:\/\/agenciainfra.com\/blog\/br-do-mar-pacote-para-cabotagem-e-apontado-como-solucao-para-o-crescimento-mas-tem-impasse\/","url":"https:\/\/agenciainfra.com\/blog\/br-do-mar-pacote-para-cabotagem-e-apontado-como-solucao-para-o-crescimento-mas-tem-impasse\/","name":"BR do Mar: Pacote para cabotagem \u00e9 apontado como solu\u00e7\u00e3o para o crescimento, mas tem impasse - Ag\u00eancia iNFRA","isPartOf":{"@id":"https:\/\/agenciainfra.com\/blog\/#website"},"primaryImageOfPage":{"@id":"https:\/\/agenciainfra.com\/blog\/br-do-mar-pacote-para-cabotagem-e-apontado-como-solucao-para-o-crescimento-mas-tem-impasse\/#primaryimage"},"image":{"@id":"https:\/\/agenciainfra.com\/blog\/br-do-mar-pacote-para-cabotagem-e-apontado-como-solucao-para-o-crescimento-mas-tem-impasse\/#primaryimage"},"thumbnailUrl":"https:\/\/agenciainfra.com\/blog\/wp-content\/uploads\/2019\/10\/dino-antunes-foto-andre-coelho-agencia-infra.jpeg","datePublished":"2019-10-03T16:30:34+00:00","breadcrumb":{"@id":"https:\/\/agenciainfra.com\/blog\/br-do-mar-pacote-para-cabotagem-e-apontado-como-solucao-para-o-crescimento-mas-tem-impasse\/#breadcrumb"},"inLanguage":"pt-BR","potentialAction":[{"@type":"ReadAction","target":["https:\/\/agenciainfra.com\/blog\/br-do-mar-pacote-para-cabotagem-e-apontado-como-solucao-para-o-crescimento-mas-tem-impasse\/"]}]},{"@type":"ImageObject","inLanguage":"pt-BR","@id":"https:\/\/agenciainfra.com\/blog\/br-do-mar-pacote-para-cabotagem-e-apontado-como-solucao-para-o-crescimento-mas-tem-impasse\/#primaryimage","url":"https:\/\/agenciainfra.com\/blog\/wp-content\/uploads\/2019\/10\/dino-antunes-foto-andre-coelho-agencia-infra.jpeg","contentUrl":"https:\/\/agenciainfra.com\/blog\/wp-content\/uploads\/2019\/10\/dino-antunes-foto-andre-coelho-agencia-infra.jpeg","width":1280,"height":893},{"@type":"BreadcrumbList","@id":"https:\/\/agenciainfra.com\/blog\/br-do-mar-pacote-para-cabotagem-e-apontado-como-solucao-para-o-crescimento-mas-tem-impasse\/#breadcrumb","itemListElement":[{"@type":"ListItem","position":1,"name":"In\u00edcio","item":"https:\/\/agenciainfra.com\/blog\/"},{"@type":"ListItem","position":2,"name":"BR do Mar: Pacote para cabotagem \u00e9 apontado como solu\u00e7\u00e3o para o crescimento, mas tem impasse"}]},{"@type":"WebSite","@id":"https:\/\/agenciainfra.com\/blog\/#website","url":"https:\/\/agenciainfra.com\/blog\/","name":"Ag\u00eancia iNFRA","description":"Multiplataforma de informa\u00e7\u00e3o jornal\u00edstica refer\u00eancia na \u00e1rea de infraestrutura no Brasil!","publisher":{"@id":"https:\/\/agenciainfra.com\/blog\/#organization"},"potentialAction":[{"@type":"SearchAction","target":{"@type":"EntryPoint","urlTemplate":"https:\/\/agenciainfra.com\/blog\/?s={search_term_string}"},"query-input":{"@type":"PropertyValueSpecification","valueRequired":true,"valueName":"search_term_string"}}],"inLanguage":"pt-BR"},{"@type":"Organization","@id":"https:\/\/agenciainfra.com\/blog\/#organization","name":"Ag\u00eancia iNFRA","url":"https:\/\/agenciainfra.com\/blog\/","logo":{"@type":"ImageObject","inLanguage":"pt-BR","@id":"https:\/\/agenciainfra.com\/blog\/#\/schema\/logo\/image\/","url":"https:\/\/agenciainfra.com\/blog\/wp-content\/uploads\/2023\/09\/iNFRA_5-e1761735885940.png","contentUrl":"https:\/\/agenciainfra.com\/blog\/wp-content\/uploads\/2023\/09\/iNFRA_5-e1761735885940.png","width":1672,"height":454,"caption":"Ag\u00eancia iNFRA"},"image":{"@id":"https:\/\/agenciainfra.com\/blog\/#\/schema\/logo\/image\/"},"sameAs":["https:\/\/www.facebook.com\/ageninfra","https:\/\/x.com\/agencia_infra","https:\/\/www.linkedin.com\/company\/ag\u00eanciainfra\/","https:\/\/www.instagram.com\/agenciainfra\/"]}]}},"_links":{"self":[{"href":"https:\/\/agenciainfra.com\/blog\/wp-json\/wp\/v2\/pages\/3814","targetHints":{"allow":["GET"]}}],"collection":[{"href":"https:\/\/agenciainfra.com\/blog\/wp-json\/wp\/v2\/pages"}],"about":[{"href":"https:\/\/agenciainfra.com\/blog\/wp-json\/wp\/v2\/types\/page"}],"author":[{"embeddable":true,"href":"https:\/\/agenciainfra.com\/blog\/wp-json\/wp\/v2\/users\/9"}],"replies":[{"embeddable":true,"href":"https:\/\/agenciainfra.com\/blog\/wp-json\/wp\/v2\/comments?post=3814"}],"version-history":[{"count":0,"href":"https:\/\/agenciainfra.com\/blog\/wp-json\/wp\/v2\/pages\/3814\/revisions"}],"wp:featuredmedia":[{"embeddable":true,"href":"https:\/\/agenciainfra.com\/blog\/wp-json\/wp\/v2\/media\/3815"}],"wp:attachment":[{"href":"https:\/\/agenciainfra.com\/blog\/wp-json\/wp\/v2\/media?parent=3814"}],"curies":[{"name":"wp","href":"https:\/\/api.w.org\/{rel}","templated":true}]}}