{"id":3818,"date":"2019-10-03T13:30:42","date_gmt":"2019-10-03T16:30:42","guid":{"rendered":"http:\/\/www.agenciainfra.com\/blog\/?page_id=3818"},"modified":"2019-10-03T11:34:48","modified_gmt":"2019-10-03T14:34:48","slug":"governador-do-para-defende-que-estados-revejam-icms-para-combustivel-de-navegacao","status":"publish","type":"page","link":"https:\/\/agenciainfra.com\/blog\/governador-do-para-defende-que-estados-revejam-icms-para-combustivel-de-navegacao\/","title":{"rendered":"Governador do Par\u00e1 defende que estados revejam ICMS para combust\u00edvel de navega\u00e7\u00e3o"},"content":{"rendered":"<div>\n<h5 style=\"text-align: right;\"><strong>da Ag\u00eancia iNFRA<\/strong><\/h5>\n<div>\n<p>O governador do Par\u00e1, Helder Barbalho (MDB-PA), disse que o estado est\u00e1 na fase final de acerto com o DNIT (Departamento Nacional de Infraestrutura de Transportes) para que seja feito o derrocamento do Pedral do Louren\u00e7o, o que tornaria o rio Tocantins naveg\u00e1vel nos 12 meses do ano.<\/p>\n<p>A declara\u00e7\u00e3o foi dada no evento Caf\u00e9 com iNFRA \u2013 Cabotagem: Como o Brasil Vai Desenvolver a BR do Mar, na ter\u00e7a-feira (1\u00ba). Segundo Barbalho, j\u00e1 foram empenhados cerca de R$ 560 milh\u00f5es para interven\u00e7\u00f5es em 43 km no rio Tocantins, e ele, juntamente com a bancada do Par\u00e1, vai buscar garantir mais or\u00e7amento para 2020 para a continuidade da obra.<\/p>\n<p>\u201cNeste momento vamos estar concluindo a fase de licenciamento para a obra, um RDCI. J\u00e1 se concluiu a parte de projeto. E, estando essa obra no per\u00edodo de dois anos sendo realizada, n\u00f3s teremos a navegabilidade permanente do rio Tocantins\u201d, disse o governador.<\/p>\n<p>Barbalho disse ainda que, com a navegabilidade do rio Tocantins o ano todo, Marab\u00e1 (PA) poder\u00e1 tornar-se um ponto decisivo de encontro de v\u00e1rios modais, o que tornaria a cidade um hub multimodal.<\/p>\n<p>\u201cTeremos rodovias que interligam inclusive a regi\u00e3o Centro-Oeste do Brasil. A ferrovia Caraj\u00e1s j\u00e1 passa dentro de Marab\u00e1 trazendo min\u00e9rio oriundo de Parauapebas (PA) para o porto de Itaqui (MA), e com a consolida\u00e7\u00e3o do rio Tocantins sendo naveg\u00e1vel o ano todo, n\u00f3s n\u00e3o temos d\u00favida de que ser\u00e1 uma importante alternativa para encontrar com 500 km de navega\u00e7\u00e3o com o porto de Vila do Conde (PA)\u201d, disse.<\/p>\n<p><strong>Estrat\u00e9gia Central<\/strong><br \/>\nBarbalho lembrou ainda que a cabotagem \u00e9 estrat\u00e9gica para o Par\u00e1 e tamb\u00e9m que os pol\u00edticos deveriam pensar menos em querer grandes obras para marcar seu nome e utilizar seus recursos de maneira mais efetiva, como investindo em vias naveg\u00e1veis.<\/p>\n<p>\u201cE digo isso por conta de que a cabotagem, seguramente, deve ser o modal dentro da l\u00f3gica hidrovi\u00e1ria e tamb\u00e9m mar\u00edtima, a estrat\u00e9gia central para diminuir o custo do pa\u00eds e para que possamos nos adequar para a nossa realidade financeira\u201d, disse.<\/p>\n<p>O governador disse ainda que pretende consolidar cada vez mais o Arco Norte como ponto central e estrat\u00e9gico da competitividade nacional para o mercado externo, j\u00e1 que o porto de Vila do Conde (PA) \u00e9 o mais pr\u00f3ximo dessas regi\u00f5es e \u201cnos coloca num patamar de diferencia\u00e7\u00e3o\u201d.<\/p>\n<p><strong>ICMS<\/strong><br \/>\nHelder Barbalho defendeu que diminuir a cobran\u00e7a de ICMS (Imposto Sobre Circula\u00e7\u00e3o de Mercadorias e Servi\u00e7os) do bunker de navega\u00e7\u00e3o n\u00e3o \u00e9, necessariamente, ruim, j\u00e1 que poderia diminuir o custo de produtos e aumentar o consumo.<\/p>\n<p>\u201cEu defendo que voc\u00ea s\u00f3 perde aquilo que voc\u00ea tem. Portanto agregar \u00e0 opera\u00e7\u00e3o de cabotagem para aquecer a economia, para diminuir o custo de produtos de consumo e insumos que desenvolvem a economia local, n\u00e3o pode ser interpretado pelos governos como abrir m\u00e3o\u201d, disse o governador. A apresenta\u00e7\u00e3o levada pelo governador est\u00e1 dispon\u00edvel <a href=\"https:\/\/agenciainfra.us14.list-manage.com\/track\/click?u=d460dd1bcf9ba0ae040e1fc0f&amp;id=6bab74bcb0&amp;e=c099169394\" target=\"_blank\" rel=\"noopener noreferrer\" data-saferedirecturl=\"https:\/\/www.google.com\/url?q=https:\/\/agenciainfra.us14.list-manage.com\/track\/click?u%3Dd460dd1bcf9ba0ae040e1fc0f%26id%3D6bab74bcb0%26e%3Dc099169394&amp;source=gmail&amp;ust=1570194964226000&amp;usg=AFQjCNEGUwGoJYWWe87Jwn5aNDkjXMw6JQ\">neste link<\/a>.<\/p>\n<\/div>\n<\/div>\n","protected":false},"excerpt":{"rendered":"<p>da Ag\u00eancia iNFRA O governador do Par\u00e1, Helder Barbalho (MDB-PA), disse que o estado est\u00e1 na fase final de acerto com o DNIT (Departamento Nacional de Infraestrutura de Transportes) para que seja feito o derrocamento do Pedral do Louren\u00e7o, o que tornaria o rio Tocantins naveg\u00e1vel nos 12 meses do ano. A declara\u00e7\u00e3o foi dada [&hellip;]<\/p>\n","protected":false},"author":9,"featured_media":3823,"parent":0,"menu_order":0,"comment_status":"closed","ping_status":"closed","template":"","meta":{"_monsterinsights_skip_tracking":false,"_monsterinsights_sitenote_active":false,"_monsterinsights_sitenote_note":"","_monsterinsights_sitenote_category":0,"footnotes":""},"class_list":["post-3818","page","type-page","status-publish","has-post-thumbnail","hentry"],"yoast_head":"<!-- This site is optimized with the Yoast SEO Premium plugin v25.4 (Yoast SEO v26.0) - https:\/\/yoast.com\/wordpress\/plugins\/seo\/ -->\n<title>Governador do Par\u00e1 defende que estados revejam ICMS para combust\u00edvel de navega\u00e7\u00e3o - Ag\u00eancia iNFRA<\/title>\n<meta name=\"robots\" content=\"index, follow, max-snippet:-1, max-image-preview:large, max-video-preview:-1\" \/>\n<link rel=\"canonical\" href=\"https:\/\/agenciainfra.com\/blog\/governador-do-para-defende-que-estados-revejam-icms-para-combustivel-de-navegacao\/\" \/>\n<meta property=\"og:locale\" content=\"pt_BR\" \/>\n<meta property=\"og:type\" content=\"article\" \/>\n<meta property=\"og:title\" content=\"Governador do Par\u00e1 defende que estados revejam ICMS para combust\u00edvel de navega\u00e7\u00e3o\" \/>\n<meta property=\"og:description\" content=\"da Ag\u00eancia iNFRA O governador do Par\u00e1, Helder Barbalho (MDB-PA), disse que o estado est\u00e1 na fase final de acerto com o DNIT (Departamento Nacional de Infraestrutura de Transportes) para que seja feito o derrocamento do Pedral do Louren\u00e7o, o que tornaria o rio Tocantins naveg\u00e1vel nos 12 meses do ano. A declara\u00e7\u00e3o foi dada [&hellip;]\" \/>\n<meta property=\"og:url\" content=\"https:\/\/agenciainfra.com\/blog\/governador-do-para-defende-que-estados-revejam-icms-para-combustivel-de-navegacao\/\" \/>\n<meta property=\"og:site_name\" content=\"Ag\u00eancia iNFRA\" \/>\n<meta property=\"article:publisher\" content=\"https:\/\/www.facebook.com\/ageninfra\" \/>\n<meta property=\"og:image\" content=\"https:\/\/agenciainfra.com\/blog\/wp-content\/uploads\/2019\/10\/helder-foto-andre-coelho-agencia-infra-2.jpeg\" \/>\n\t<meta property=\"og:image:width\" content=\"1280\" \/>\n\t<meta property=\"og:image:height\" content=\"781\" \/>\n\t<meta property=\"og:image:type\" content=\"image\/jpeg\" \/>\n<meta name=\"twitter:card\" content=\"summary_large_image\" \/>\n<meta name=\"twitter:site\" content=\"@agencia_infra\" \/>\n<meta name=\"twitter:label1\" content=\"Est. tempo de leitura\" \/>\n\t<meta name=\"twitter:data1\" content=\"3 minutos\" \/>\n<script type=\"application\/ld+json\" class=\"yoast-schema-graph\">{\"@context\":\"https:\/\/schema.org\",\"@graph\":[{\"@type\":\"WebPage\",\"@id\":\"https:\/\/agenciainfra.com\/blog\/governador-do-para-defende-que-estados-revejam-icms-para-combustivel-de-navegacao\/\",\"url\":\"https:\/\/agenciainfra.com\/blog\/governador-do-para-defende-que-estados-revejam-icms-para-combustivel-de-navegacao\/\",\"name\":\"Governador do Par\u00e1 defende que estados revejam ICMS para combust\u00edvel de navega\u00e7\u00e3o - Ag\u00eancia iNFRA\",\"isPartOf\":{\"@id\":\"https:\/\/agenciainfra.com\/blog\/#website\"},\"primaryImageOfPage\":{\"@id\":\"https:\/\/agenciainfra.com\/blog\/governador-do-para-defende-que-estados-revejam-icms-para-combustivel-de-navegacao\/#primaryimage\"},\"image\":{\"@id\":\"https:\/\/agenciainfra.com\/blog\/governador-do-para-defende-que-estados-revejam-icms-para-combustivel-de-navegacao\/#primaryimage\"},\"thumbnailUrl\":\"https:\/\/agenciainfra.com\/blog\/wp-content\/uploads\/2019\/10\/helder-foto-andre-coelho-agencia-infra-2.jpeg\",\"datePublished\":\"2019-10-03T16:30:42+00:00\",\"breadcrumb\":{\"@id\":\"https:\/\/agenciainfra.com\/blog\/governador-do-para-defende-que-estados-revejam-icms-para-combustivel-de-navegacao\/#breadcrumb\"},\"inLanguage\":\"pt-BR\",\"potentialAction\":[{\"@type\":\"ReadAction\",\"target\":[\"https:\/\/agenciainfra.com\/blog\/governador-do-para-defende-que-estados-revejam-icms-para-combustivel-de-navegacao\/\"]}]},{\"@type\":\"ImageObject\",\"inLanguage\":\"pt-BR\",\"@id\":\"https:\/\/agenciainfra.com\/blog\/governador-do-para-defende-que-estados-revejam-icms-para-combustivel-de-navegacao\/#primaryimage\",\"url\":\"https:\/\/agenciainfra.com\/blog\/wp-content\/uploads\/2019\/10\/helder-foto-andre-coelho-agencia-infra-2.jpeg\",\"contentUrl\":\"https:\/\/agenciainfra.com\/blog\/wp-content\/uploads\/2019\/10\/helder-foto-andre-coelho-agencia-infra-2.jpeg\",\"width\":1280,\"height\":781},{\"@type\":\"BreadcrumbList\",\"@id\":\"https:\/\/agenciainfra.com\/blog\/governador-do-para-defende-que-estados-revejam-icms-para-combustivel-de-navegacao\/#breadcrumb\",\"itemListElement\":[{\"@type\":\"ListItem\",\"position\":1,\"name\":\"In\u00edcio\",\"item\":\"https:\/\/agenciainfra.com\/blog\/\"},{\"@type\":\"ListItem\",\"position\":2,\"name\":\"Governador do Par\u00e1 defende que estados revejam ICMS para combust\u00edvel de navega\u00e7\u00e3o\"}]},{\"@type\":\"WebSite\",\"@id\":\"https:\/\/agenciainfra.com\/blog\/#website\",\"url\":\"https:\/\/agenciainfra.com\/blog\/\",\"name\":\"Ag\u00eancia iNFRA\",\"description\":\"Multiplataforma de informa\u00e7\u00e3o jornal\u00edstica refer\u00eancia na \u00e1rea de infraestrutura no Brasil!\",\"publisher\":{\"@id\":\"https:\/\/agenciainfra.com\/blog\/#organization\"},\"potentialAction\":[{\"@type\":\"SearchAction\",\"target\":{\"@type\":\"EntryPoint\",\"urlTemplate\":\"https:\/\/agenciainfra.com\/blog\/?s={search_term_string}\"},\"query-input\":{\"@type\":\"PropertyValueSpecification\",\"valueRequired\":true,\"valueName\":\"search_term_string\"}}],\"inLanguage\":\"pt-BR\"},{\"@type\":\"Organization\",\"@id\":\"https:\/\/agenciainfra.com\/blog\/#organization\",\"name\":\"Ag\u00eancia iNFRA\",\"url\":\"https:\/\/agenciainfra.com\/blog\/\",\"logo\":{\"@type\":\"ImageObject\",\"inLanguage\":\"pt-BR\",\"@id\":\"https:\/\/agenciainfra.com\/blog\/#\/schema\/logo\/image\/\",\"url\":\"https:\/\/agenciainfra.com\/blog\/wp-content\/uploads\/2023\/09\/iNFRA_5-e1761735885940.png\",\"contentUrl\":\"https:\/\/agenciainfra.com\/blog\/wp-content\/uploads\/2023\/09\/iNFRA_5-e1761735885940.png\",\"width\":1672,\"height\":454,\"caption\":\"Ag\u00eancia iNFRA\"},\"image\":{\"@id\":\"https:\/\/agenciainfra.com\/blog\/#\/schema\/logo\/image\/\"},\"sameAs\":[\"https:\/\/www.facebook.com\/ageninfra\",\"https:\/\/x.com\/agencia_infra\",\"https:\/\/www.linkedin.com\/company\/ag\u00eanciainfra\/\",\"https:\/\/www.instagram.com\/agenciainfra\/\"]}]}<\/script>\n<!-- \/ Yoast SEO Premium plugin. -->","yoast_head_json":{"title":"Governador do Par\u00e1 defende que estados revejam ICMS para combust\u00edvel de navega\u00e7\u00e3o - Ag\u00eancia iNFRA","robots":{"index":"index","follow":"follow","max-snippet":"max-snippet:-1","max-image-preview":"max-image-preview:large","max-video-preview":"max-video-preview:-1"},"canonical":"https:\/\/agenciainfra.com\/blog\/governador-do-para-defende-que-estados-revejam-icms-para-combustivel-de-navegacao\/","og_locale":"pt_BR","og_type":"article","og_title":"Governador do Par\u00e1 defende que estados revejam ICMS para combust\u00edvel de navega\u00e7\u00e3o","og_description":"da Ag\u00eancia iNFRA O governador do Par\u00e1, Helder Barbalho (MDB-PA), disse que o estado est\u00e1 na fase final de acerto com o DNIT (Departamento Nacional de Infraestrutura de Transportes) para que seja feito o derrocamento do Pedral do Louren\u00e7o, o que tornaria o rio Tocantins naveg\u00e1vel nos 12 meses do ano. A declara\u00e7\u00e3o foi dada [&hellip;]","og_url":"https:\/\/agenciainfra.com\/blog\/governador-do-para-defende-que-estados-revejam-icms-para-combustivel-de-navegacao\/","og_site_name":"Ag\u00eancia iNFRA","article_publisher":"https:\/\/www.facebook.com\/ageninfra","og_image":[{"width":1280,"height":781,"url":"https:\/\/agenciainfra.com\/blog\/wp-content\/uploads\/2019\/10\/helder-foto-andre-coelho-agencia-infra-2.jpeg","type":"image\/jpeg"}],"twitter_card":"summary_large_image","twitter_site":"@agencia_infra","twitter_misc":{"Est. tempo de leitura":"3 minutos"},"schema":{"@context":"https:\/\/schema.org","@graph":[{"@type":"WebPage","@id":"https:\/\/agenciainfra.com\/blog\/governador-do-para-defende-que-estados-revejam-icms-para-combustivel-de-navegacao\/","url":"https:\/\/agenciainfra.com\/blog\/governador-do-para-defende-que-estados-revejam-icms-para-combustivel-de-navegacao\/","name":"Governador do Par\u00e1 defende que estados revejam ICMS para combust\u00edvel de navega\u00e7\u00e3o - Ag\u00eancia iNFRA","isPartOf":{"@id":"https:\/\/agenciainfra.com\/blog\/#website"},"primaryImageOfPage":{"@id":"https:\/\/agenciainfra.com\/blog\/governador-do-para-defende-que-estados-revejam-icms-para-combustivel-de-navegacao\/#primaryimage"},"image":{"@id":"https:\/\/agenciainfra.com\/blog\/governador-do-para-defende-que-estados-revejam-icms-para-combustivel-de-navegacao\/#primaryimage"},"thumbnailUrl":"https:\/\/agenciainfra.com\/blog\/wp-content\/uploads\/2019\/10\/helder-foto-andre-coelho-agencia-infra-2.jpeg","datePublished":"2019-10-03T16:30:42+00:00","breadcrumb":{"@id":"https:\/\/agenciainfra.com\/blog\/governador-do-para-defende-que-estados-revejam-icms-para-combustivel-de-navegacao\/#breadcrumb"},"inLanguage":"pt-BR","potentialAction":[{"@type":"ReadAction","target":["https:\/\/agenciainfra.com\/blog\/governador-do-para-defende-que-estados-revejam-icms-para-combustivel-de-navegacao\/"]}]},{"@type":"ImageObject","inLanguage":"pt-BR","@id":"https:\/\/agenciainfra.com\/blog\/governador-do-para-defende-que-estados-revejam-icms-para-combustivel-de-navegacao\/#primaryimage","url":"https:\/\/agenciainfra.com\/blog\/wp-content\/uploads\/2019\/10\/helder-foto-andre-coelho-agencia-infra-2.jpeg","contentUrl":"https:\/\/agenciainfra.com\/blog\/wp-content\/uploads\/2019\/10\/helder-foto-andre-coelho-agencia-infra-2.jpeg","width":1280,"height":781},{"@type":"BreadcrumbList","@id":"https:\/\/agenciainfra.com\/blog\/governador-do-para-defende-que-estados-revejam-icms-para-combustivel-de-navegacao\/#breadcrumb","itemListElement":[{"@type":"ListItem","position":1,"name":"In\u00edcio","item":"https:\/\/agenciainfra.com\/blog\/"},{"@type":"ListItem","position":2,"name":"Governador do Par\u00e1 defende que estados revejam ICMS para combust\u00edvel de navega\u00e7\u00e3o"}]},{"@type":"WebSite","@id":"https:\/\/agenciainfra.com\/blog\/#website","url":"https:\/\/agenciainfra.com\/blog\/","name":"Ag\u00eancia iNFRA","description":"Multiplataforma de informa\u00e7\u00e3o jornal\u00edstica refer\u00eancia na \u00e1rea de infraestrutura no Brasil!","publisher":{"@id":"https:\/\/agenciainfra.com\/blog\/#organization"},"potentialAction":[{"@type":"SearchAction","target":{"@type":"EntryPoint","urlTemplate":"https:\/\/agenciainfra.com\/blog\/?s={search_term_string}"},"query-input":{"@type":"PropertyValueSpecification","valueRequired":true,"valueName":"search_term_string"}}],"inLanguage":"pt-BR"},{"@type":"Organization","@id":"https:\/\/agenciainfra.com\/blog\/#organization","name":"Ag\u00eancia iNFRA","url":"https:\/\/agenciainfra.com\/blog\/","logo":{"@type":"ImageObject","inLanguage":"pt-BR","@id":"https:\/\/agenciainfra.com\/blog\/#\/schema\/logo\/image\/","url":"https:\/\/agenciainfra.com\/blog\/wp-content\/uploads\/2023\/09\/iNFRA_5-e1761735885940.png","contentUrl":"https:\/\/agenciainfra.com\/blog\/wp-content\/uploads\/2023\/09\/iNFRA_5-e1761735885940.png","width":1672,"height":454,"caption":"Ag\u00eancia iNFRA"},"image":{"@id":"https:\/\/agenciainfra.com\/blog\/#\/schema\/logo\/image\/"},"sameAs":["https:\/\/www.facebook.com\/ageninfra","https:\/\/x.com\/agencia_infra","https:\/\/www.linkedin.com\/company\/ag\u00eanciainfra\/","https:\/\/www.instagram.com\/agenciainfra\/"]}]}},"_links":{"self":[{"href":"https:\/\/agenciainfra.com\/blog\/wp-json\/wp\/v2\/pages\/3818","targetHints":{"allow":["GET"]}}],"collection":[{"href":"https:\/\/agenciainfra.com\/blog\/wp-json\/wp\/v2\/pages"}],"about":[{"href":"https:\/\/agenciainfra.com\/blog\/wp-json\/wp\/v2\/types\/page"}],"author":[{"embeddable":true,"href":"https:\/\/agenciainfra.com\/blog\/wp-json\/wp\/v2\/users\/9"}],"replies":[{"embeddable":true,"href":"https:\/\/agenciainfra.com\/blog\/wp-json\/wp\/v2\/comments?post=3818"}],"version-history":[{"count":0,"href":"https:\/\/agenciainfra.com\/blog\/wp-json\/wp\/v2\/pages\/3818\/revisions"}],"wp:featuredmedia":[{"embeddable":true,"href":"https:\/\/agenciainfra.com\/blog\/wp-json\/wp\/v2\/media\/3823"}],"wp:attachment":[{"href":"https:\/\/agenciainfra.com\/blog\/wp-json\/wp\/v2\/media?parent=3818"}],"curies":[{"name":"wp","href":"https:\/\/api.w.org\/{rel}","templated":true}]}}