{"id":3827,"date":"2019-10-03T13:30:30","date_gmt":"2019-10-03T16:30:30","guid":{"rendered":"http:\/\/www.agenciainfra.com\/blog\/?page_id=3827"},"modified":"2019-10-03T11:54:54","modified_gmt":"2019-10-03T14:54:54","slug":"contestando-mercado-fechado-diretor-da-antaq-diz-que-cabotagem-precisa-de-fomento-ao-setor","status":"publish","type":"page","link":"https:\/\/agenciainfra.com\/blog\/contestando-mercado-fechado-diretor-da-antaq-diz-que-cabotagem-precisa-de-fomento-ao-setor\/","title":{"rendered":"Contestando mercado fechado, diretor da ANTAQ diz que cabotagem precisa de fomento ao setor"},"content":{"rendered":"<div>\n<h5 style=\"text-align: right;\"><strong>da Ag\u00eancia iNFRA<\/strong><\/h5>\n<div>O primeiro painel do Caf\u00e9 com iNFRA apresentou intenso debate sobre a concentra\u00e7\u00e3o do mercado de cabotagem no Brasil. A mesa reuniu o diretor-geral da ANTAQ (Ag\u00eancia Nacional de Transportes Aquavi\u00e1rios), M\u00e1rio Povia; o secret\u00e1rio de Fiscaliza\u00e7\u00e3o de Infraestrutura Portu\u00e1ria e Ferrovi\u00e1ria do TCU (Tribunal de Contas da Uni\u00e3o), Jairo Misson; e o consultor em transporte e log\u00edstica da CNA (Confedera\u00e7\u00e3o da Agricultura e Pecu\u00e1ria do Brasil), Luiz Fayet.<\/p>\n<p>Mediados pelo professor da UFSC (Universidade Federal de Santa Catarina) e da Univali (Universidade do Vale do Itaja\u00ed) Osvaldo Agripino, o debate se concentrou nos problemas concorrenciais do setor de cabotagem, apontados pelo mediador em fala de abertura, entre eles as barreiras de entrada.<\/p>\n<p>M\u00e1rio Povia contestou a informa\u00e7\u00e3o e disse que, para ele, n\u00e3o h\u00e1 barreira de entrada para novas empresas no setor.<\/p>\n<p>\u201cN\u00e3o h\u00e1 barreira de entrada&#8221;, garantiu o diretor. &#8220;Hoje com um CNPJ e uma embarca\u00e7\u00e3o de titularidade, em 30 dias se consegue uma outorga para navegar na cabotagem no pa\u00eds\u201d, disse Povia.<\/p>\n<p>Para contestar fala do mediador sobre empresas que j\u00e1 est\u00e3o no mercado tentarem impedir a entrada de concorrentes, o diretor-geral da ANTAQ afirmou: \u201cA ag\u00eancia segue o que diz a lei. N\u00e3o h\u00e1 empresa que diga \u00e0 ANTAQ quem vai ter outorga e quem n\u00e3o vai. Quem diz isso \u00e9 a legisla\u00e7\u00e3o e n\u00e3o admito essa cr\u00edtica porque n\u00e3o h\u00e1 isso\u201d.<\/p>\n<p>Agripino explicou que\u00a0referia-se a teorias econ\u00f4micas que apontam esse tipo de comportamento no setor empresarial. Ressaltou ainda que,\u00a0por isso, defende ser\u00a0necess\u00e1ria uma regula\u00e7\u00e3o mais forte do estado para impedir concorr\u00eancia desleal.<\/p>\n<p><strong>Ambiente de Neg\u00f3cios<\/strong><br \/>\nO diretor da ANTAQ\u00a0afirmou que \u00e9 preciso melhorar o ambiente de neg\u00f3cios para atrair a competi\u00e7\u00e3o, agregando\u00a0&#8220;valor, cargas, volumes&#8221; \u00e0 cabotagem para viabilizar o modal e, consequentemente, trazer outros players.<\/p>\n<p>&#8220;O est\u00edmulo \u00e0 concorr\u00eancia na cabotagem\u00a0tem que ser dado\u00a0com a viabiliza\u00e7\u00e3o do modal. N\u00f3s n\u00e3o necessariamente precisamos ter muito mais gente competindo dentro da cabotagem&#8217;, ressaltou.<\/p>\n<p>O diretor da ag\u00eancia revelou ainda que desde a edi\u00e7\u00e3o da Lei 9.432\/1997 n\u00e3o h\u00e1 uma pol\u00edtica p\u00fablica clara para o setor. A declara\u00e7\u00e3o foi uma resposta ao secret\u00e1rio da Seinfra do TCU, Jairo Misson, que apontou em auditoria realizada sobre o tema que a ag\u00eancia n\u00e3o fomenta a competi\u00e7\u00e3o no setor da cabotagem.<\/p>\n<p>&#8220;A ag\u00eancia trabalhou para colocar essa agenda para dentro do governo. E foi um sucesso&#8221;, destacou. &#8220;Se esse governo, se o Minist\u00e9rio da Infraestrutura dedicou dentro da sua Secretaria de Portos e Transportes Aquavi\u00e1rios uma diretoria especificamente para tratar das quest\u00f5es de navega\u00e7\u00e3o, eu reputo um sucesso dessa empreitada da ANTAQ\u00a0em trazer para a discuss\u00e3o nacional a quest\u00e3o da cabotagem&#8221;, ressaltou.<\/p>\n<p><strong>Fayet: culpa da lei<\/strong><br \/>\nJ\u00e1 Luiz Fayet, da CNA, argumentou que n\u00e3o se pode culpar a ANTAQ por conta de uma legisla\u00e7\u00e3o inadequada.<\/p>\n<p>&#8220;O que existe \u00e9 um conflito da legisla\u00e7\u00e3o com a necessidade nacional&#8221;, avaliou. Fayet explicou\u00a0que o crescimento do mercado nacional na participa\u00e7\u00e3o do mercado mundial de exporta\u00e7\u00f5es precisam ser acompanhados de investimentos.<\/p>\n<p>&#8220;Para n\u00f3s, a log\u00edstica tem uma import\u00e2ncia fundamental porque estamos disputando mercados competitivos e n\u00e3o podemos sacrificar nenhum elo desta cadeia&#8221;, frisou. O consultor enumerou os obst\u00e1culos \u00e0s empresas, como a dificuldade de importar e contratar embarca\u00e7\u00f5es, as quest\u00f5es tribut\u00e1rias, com custos operacionais elevados e o valor do frete em rela\u00e7\u00e3o ao transporte de carga internacional.<\/p>\n<p>&#8220;E come\u00e7amos a estudar o que n\u00f3s quer\u00edamos mudar. Primeiro, acabar com vincula\u00e7\u00f5es nas cadeias de reserva de mercado, que existem. Essa \u00e9 a primeira preocupa\u00e7\u00e3o&#8221;, ressaltou.<\/p>\n<p>&#8220;Se eu n\u00e3o tiver liberdade nos meios eu n\u00e3o consigo resolver o fim. Eu preciso ter uma log\u00edstica eficiente, ent\u00e3o toda a cadeia tem que ser eficiente&#8221;, declarou Fayet, que finalizou dizendo que \u00e9 necess\u00e1rio reduzir\u00a0a burocracia. A apresenta\u00e7\u00e3o dele est\u00e1\u00a0<a href=\"https:\/\/agenciainfra.us14.list-manage.com\/track\/click?u=d460dd1bcf9ba0ae040e1fc0f&amp;id=b66c432727&amp;e=c099169394\" target=\"_blank\" rel=\"noopener noreferrer\" data-saferedirecturl=\"https:\/\/www.google.com\/url?q=https:\/\/agenciainfra.us14.list-manage.com\/track\/click?u%3Dd460dd1bcf9ba0ae040e1fc0f%26id%3Db66c432727%26e%3Dc099169394&amp;source=gmail&amp;ust=1570194964226000&amp;usg=AFQjCNEkm2nLJv_OhIokoY6MyNM2K2EdnA\">neste link<\/a>.<\/div>\n<\/div>\n","protected":false},"excerpt":{"rendered":"<p>da Ag\u00eancia iNFRA O primeiro painel do Caf\u00e9 com iNFRA apresentou intenso debate sobre a concentra\u00e7\u00e3o do mercado de cabotagem no Brasil. A mesa reuniu o diretor-geral da ANTAQ (Ag\u00eancia Nacional de Transportes Aquavi\u00e1rios), M\u00e1rio Povia; o secret\u00e1rio de Fiscaliza\u00e7\u00e3o de Infraestrutura Portu\u00e1ria e Ferrovi\u00e1ria do TCU (Tribunal de Contas da Uni\u00e3o), Jairo Misson; e [&hellip;]<\/p>\n","protected":false},"author":9,"featured_media":3828,"parent":0,"menu_order":0,"comment_status":"closed","ping_status":"closed","template":"","meta":{"_monsterinsights_skip_tracking":false,"_monsterinsights_sitenote_active":false,"_monsterinsights_sitenote_note":"","_monsterinsights_sitenote_category":0,"footnotes":""},"class_list":["post-3827","page","type-page","status-publish","has-post-thumbnail","hentry"],"yoast_head":"<!-- This site is optimized with the Yoast SEO Premium plugin v25.4 (Yoast SEO v26.0) - https:\/\/yoast.com\/wordpress\/plugins\/seo\/ -->\n<title>Contestando mercado fechado, diretor da ANTAQ diz que cabotagem precisa de fomento ao setor - Ag\u00eancia iNFRA<\/title>\n<meta name=\"robots\" content=\"index, follow, max-snippet:-1, max-image-preview:large, max-video-preview:-1\" \/>\n<link rel=\"canonical\" href=\"https:\/\/agenciainfra.com\/blog\/contestando-mercado-fechado-diretor-da-antaq-diz-que-cabotagem-precisa-de-fomento-ao-setor\/\" \/>\n<meta property=\"og:locale\" content=\"pt_BR\" \/>\n<meta property=\"og:type\" content=\"article\" \/>\n<meta property=\"og:title\" content=\"Contestando mercado fechado, diretor da ANTAQ diz que cabotagem precisa de fomento ao setor\" \/>\n<meta property=\"og:description\" content=\"da Ag\u00eancia iNFRA O primeiro painel do Caf\u00e9 com iNFRA apresentou intenso debate sobre a concentra\u00e7\u00e3o do mercado de cabotagem no Brasil. A mesa reuniu o diretor-geral da ANTAQ (Ag\u00eancia Nacional de Transportes Aquavi\u00e1rios), M\u00e1rio Povia; o secret\u00e1rio de Fiscaliza\u00e7\u00e3o de Infraestrutura Portu\u00e1ria e Ferrovi\u00e1ria do TCU (Tribunal de Contas da Uni\u00e3o), Jairo Misson; e [&hellip;]\" \/>\n<meta property=\"og:url\" content=\"https:\/\/agenciainfra.com\/blog\/contestando-mercado-fechado-diretor-da-antaq-diz-que-cabotagem-precisa-de-fomento-ao-setor\/\" \/>\n<meta property=\"og:site_name\" content=\"Ag\u00eancia iNFRA\" \/>\n<meta property=\"article:publisher\" content=\"https:\/\/www.facebook.com\/ageninfra\" \/>\n<meta property=\"og:image\" content=\"https:\/\/agenciainfra.com\/blog\/wp-content\/uploads\/2019\/10\/mario-povia-foto-andre-coelho-agencia-infra.jpeg\" \/>\n\t<meta property=\"og:image:width\" content=\"1280\" \/>\n\t<meta property=\"og:image:height\" content=\"853\" \/>\n\t<meta property=\"og:image:type\" content=\"image\/jpeg\" \/>\n<meta name=\"twitter:card\" content=\"summary_large_image\" \/>\n<meta name=\"twitter:site\" content=\"@agencia_infra\" \/>\n<meta name=\"twitter:label1\" content=\"Est. tempo de leitura\" \/>\n\t<meta name=\"twitter:data1\" content=\"3 minutos\" \/>\n<script type=\"application\/ld+json\" class=\"yoast-schema-graph\">{\"@context\":\"https:\/\/schema.org\",\"@graph\":[{\"@type\":\"WebPage\",\"@id\":\"https:\/\/agenciainfra.com\/blog\/contestando-mercado-fechado-diretor-da-antaq-diz-que-cabotagem-precisa-de-fomento-ao-setor\/\",\"url\":\"https:\/\/agenciainfra.com\/blog\/contestando-mercado-fechado-diretor-da-antaq-diz-que-cabotagem-precisa-de-fomento-ao-setor\/\",\"name\":\"Contestando mercado fechado, diretor da ANTAQ diz que cabotagem precisa de fomento ao setor - Ag\u00eancia iNFRA\",\"isPartOf\":{\"@id\":\"https:\/\/agenciainfra.com\/blog\/#website\"},\"primaryImageOfPage\":{\"@id\":\"https:\/\/agenciainfra.com\/blog\/contestando-mercado-fechado-diretor-da-antaq-diz-que-cabotagem-precisa-de-fomento-ao-setor\/#primaryimage\"},\"image\":{\"@id\":\"https:\/\/agenciainfra.com\/blog\/contestando-mercado-fechado-diretor-da-antaq-diz-que-cabotagem-precisa-de-fomento-ao-setor\/#primaryimage\"},\"thumbnailUrl\":\"https:\/\/agenciainfra.com\/blog\/wp-content\/uploads\/2019\/10\/mario-povia-foto-andre-coelho-agencia-infra.jpeg\",\"datePublished\":\"2019-10-03T16:30:30+00:00\",\"breadcrumb\":{\"@id\":\"https:\/\/agenciainfra.com\/blog\/contestando-mercado-fechado-diretor-da-antaq-diz-que-cabotagem-precisa-de-fomento-ao-setor\/#breadcrumb\"},\"inLanguage\":\"pt-BR\",\"potentialAction\":[{\"@type\":\"ReadAction\",\"target\":[\"https:\/\/agenciainfra.com\/blog\/contestando-mercado-fechado-diretor-da-antaq-diz-que-cabotagem-precisa-de-fomento-ao-setor\/\"]}]},{\"@type\":\"ImageObject\",\"inLanguage\":\"pt-BR\",\"@id\":\"https:\/\/agenciainfra.com\/blog\/contestando-mercado-fechado-diretor-da-antaq-diz-que-cabotagem-precisa-de-fomento-ao-setor\/#primaryimage\",\"url\":\"https:\/\/agenciainfra.com\/blog\/wp-content\/uploads\/2019\/10\/mario-povia-foto-andre-coelho-agencia-infra.jpeg\",\"contentUrl\":\"https:\/\/agenciainfra.com\/blog\/wp-content\/uploads\/2019\/10\/mario-povia-foto-andre-coelho-agencia-infra.jpeg\",\"width\":1280,\"height\":853},{\"@type\":\"BreadcrumbList\",\"@id\":\"https:\/\/agenciainfra.com\/blog\/contestando-mercado-fechado-diretor-da-antaq-diz-que-cabotagem-precisa-de-fomento-ao-setor\/#breadcrumb\",\"itemListElement\":[{\"@type\":\"ListItem\",\"position\":1,\"name\":\"In\u00edcio\",\"item\":\"https:\/\/agenciainfra.com\/blog\/\"},{\"@type\":\"ListItem\",\"position\":2,\"name\":\"Contestando mercado fechado, diretor da ANTAQ diz que cabotagem precisa de fomento ao setor\"}]},{\"@type\":\"WebSite\",\"@id\":\"https:\/\/agenciainfra.com\/blog\/#website\",\"url\":\"https:\/\/agenciainfra.com\/blog\/\",\"name\":\"Ag\u00eancia iNFRA\",\"description\":\"Multiplataforma de informa\u00e7\u00e3o jornal\u00edstica refer\u00eancia na \u00e1rea de infraestrutura no Brasil!\",\"publisher\":{\"@id\":\"https:\/\/agenciainfra.com\/blog\/#organization\"},\"potentialAction\":[{\"@type\":\"SearchAction\",\"target\":{\"@type\":\"EntryPoint\",\"urlTemplate\":\"https:\/\/agenciainfra.com\/blog\/?s={search_term_string}\"},\"query-input\":{\"@type\":\"PropertyValueSpecification\",\"valueRequired\":true,\"valueName\":\"search_term_string\"}}],\"inLanguage\":\"pt-BR\"},{\"@type\":\"Organization\",\"@id\":\"https:\/\/agenciainfra.com\/blog\/#organization\",\"name\":\"Ag\u00eancia iNFRA\",\"url\":\"https:\/\/agenciainfra.com\/blog\/\",\"logo\":{\"@type\":\"ImageObject\",\"inLanguage\":\"pt-BR\",\"@id\":\"https:\/\/agenciainfra.com\/blog\/#\/schema\/logo\/image\/\",\"url\":\"https:\/\/agenciainfra.com\/blog\/wp-content\/uploads\/2023\/09\/iNFRA_5-e1761735885940.png\",\"contentUrl\":\"https:\/\/agenciainfra.com\/blog\/wp-content\/uploads\/2023\/09\/iNFRA_5-e1761735885940.png\",\"width\":1672,\"height\":454,\"caption\":\"Ag\u00eancia iNFRA\"},\"image\":{\"@id\":\"https:\/\/agenciainfra.com\/blog\/#\/schema\/logo\/image\/\"},\"sameAs\":[\"https:\/\/www.facebook.com\/ageninfra\",\"https:\/\/x.com\/agencia_infra\",\"https:\/\/www.linkedin.com\/company\/ag\u00eanciainfra\/\",\"https:\/\/www.instagram.com\/agenciainfra\/\"]}]}<\/script>\n<!-- \/ Yoast SEO Premium plugin. -->","yoast_head_json":{"title":"Contestando mercado fechado, diretor da ANTAQ diz que cabotagem precisa de fomento ao setor - Ag\u00eancia iNFRA","robots":{"index":"index","follow":"follow","max-snippet":"max-snippet:-1","max-image-preview":"max-image-preview:large","max-video-preview":"max-video-preview:-1"},"canonical":"https:\/\/agenciainfra.com\/blog\/contestando-mercado-fechado-diretor-da-antaq-diz-que-cabotagem-precisa-de-fomento-ao-setor\/","og_locale":"pt_BR","og_type":"article","og_title":"Contestando mercado fechado, diretor da ANTAQ diz que cabotagem precisa de fomento ao setor","og_description":"da Ag\u00eancia iNFRA O primeiro painel do Caf\u00e9 com iNFRA apresentou intenso debate sobre a concentra\u00e7\u00e3o do mercado de cabotagem no Brasil. A mesa reuniu o diretor-geral da ANTAQ (Ag\u00eancia Nacional de Transportes Aquavi\u00e1rios), M\u00e1rio Povia; o secret\u00e1rio de Fiscaliza\u00e7\u00e3o de Infraestrutura Portu\u00e1ria e Ferrovi\u00e1ria do TCU (Tribunal de Contas da Uni\u00e3o), Jairo Misson; e [&hellip;]","og_url":"https:\/\/agenciainfra.com\/blog\/contestando-mercado-fechado-diretor-da-antaq-diz-que-cabotagem-precisa-de-fomento-ao-setor\/","og_site_name":"Ag\u00eancia iNFRA","article_publisher":"https:\/\/www.facebook.com\/ageninfra","og_image":[{"width":1280,"height":853,"url":"https:\/\/agenciainfra.com\/blog\/wp-content\/uploads\/2019\/10\/mario-povia-foto-andre-coelho-agencia-infra.jpeg","type":"image\/jpeg"}],"twitter_card":"summary_large_image","twitter_site":"@agencia_infra","twitter_misc":{"Est. tempo de leitura":"3 minutos"},"schema":{"@context":"https:\/\/schema.org","@graph":[{"@type":"WebPage","@id":"https:\/\/agenciainfra.com\/blog\/contestando-mercado-fechado-diretor-da-antaq-diz-que-cabotagem-precisa-de-fomento-ao-setor\/","url":"https:\/\/agenciainfra.com\/blog\/contestando-mercado-fechado-diretor-da-antaq-diz-que-cabotagem-precisa-de-fomento-ao-setor\/","name":"Contestando mercado fechado, diretor da ANTAQ diz que cabotagem precisa de fomento ao setor - Ag\u00eancia iNFRA","isPartOf":{"@id":"https:\/\/agenciainfra.com\/blog\/#website"},"primaryImageOfPage":{"@id":"https:\/\/agenciainfra.com\/blog\/contestando-mercado-fechado-diretor-da-antaq-diz-que-cabotagem-precisa-de-fomento-ao-setor\/#primaryimage"},"image":{"@id":"https:\/\/agenciainfra.com\/blog\/contestando-mercado-fechado-diretor-da-antaq-diz-que-cabotagem-precisa-de-fomento-ao-setor\/#primaryimage"},"thumbnailUrl":"https:\/\/agenciainfra.com\/blog\/wp-content\/uploads\/2019\/10\/mario-povia-foto-andre-coelho-agencia-infra.jpeg","datePublished":"2019-10-03T16:30:30+00:00","breadcrumb":{"@id":"https:\/\/agenciainfra.com\/blog\/contestando-mercado-fechado-diretor-da-antaq-diz-que-cabotagem-precisa-de-fomento-ao-setor\/#breadcrumb"},"inLanguage":"pt-BR","potentialAction":[{"@type":"ReadAction","target":["https:\/\/agenciainfra.com\/blog\/contestando-mercado-fechado-diretor-da-antaq-diz-que-cabotagem-precisa-de-fomento-ao-setor\/"]}]},{"@type":"ImageObject","inLanguage":"pt-BR","@id":"https:\/\/agenciainfra.com\/blog\/contestando-mercado-fechado-diretor-da-antaq-diz-que-cabotagem-precisa-de-fomento-ao-setor\/#primaryimage","url":"https:\/\/agenciainfra.com\/blog\/wp-content\/uploads\/2019\/10\/mario-povia-foto-andre-coelho-agencia-infra.jpeg","contentUrl":"https:\/\/agenciainfra.com\/blog\/wp-content\/uploads\/2019\/10\/mario-povia-foto-andre-coelho-agencia-infra.jpeg","width":1280,"height":853},{"@type":"BreadcrumbList","@id":"https:\/\/agenciainfra.com\/blog\/contestando-mercado-fechado-diretor-da-antaq-diz-que-cabotagem-precisa-de-fomento-ao-setor\/#breadcrumb","itemListElement":[{"@type":"ListItem","position":1,"name":"In\u00edcio","item":"https:\/\/agenciainfra.com\/blog\/"},{"@type":"ListItem","position":2,"name":"Contestando mercado fechado, diretor da ANTAQ diz que cabotagem precisa de fomento ao setor"}]},{"@type":"WebSite","@id":"https:\/\/agenciainfra.com\/blog\/#website","url":"https:\/\/agenciainfra.com\/blog\/","name":"Ag\u00eancia iNFRA","description":"Multiplataforma de informa\u00e7\u00e3o jornal\u00edstica refer\u00eancia na \u00e1rea de infraestrutura no Brasil!","publisher":{"@id":"https:\/\/agenciainfra.com\/blog\/#organization"},"potentialAction":[{"@type":"SearchAction","target":{"@type":"EntryPoint","urlTemplate":"https:\/\/agenciainfra.com\/blog\/?s={search_term_string}"},"query-input":{"@type":"PropertyValueSpecification","valueRequired":true,"valueName":"search_term_string"}}],"inLanguage":"pt-BR"},{"@type":"Organization","@id":"https:\/\/agenciainfra.com\/blog\/#organization","name":"Ag\u00eancia iNFRA","url":"https:\/\/agenciainfra.com\/blog\/","logo":{"@type":"ImageObject","inLanguage":"pt-BR","@id":"https:\/\/agenciainfra.com\/blog\/#\/schema\/logo\/image\/","url":"https:\/\/agenciainfra.com\/blog\/wp-content\/uploads\/2023\/09\/iNFRA_5-e1761735885940.png","contentUrl":"https:\/\/agenciainfra.com\/blog\/wp-content\/uploads\/2023\/09\/iNFRA_5-e1761735885940.png","width":1672,"height":454,"caption":"Ag\u00eancia iNFRA"},"image":{"@id":"https:\/\/agenciainfra.com\/blog\/#\/schema\/logo\/image\/"},"sameAs":["https:\/\/www.facebook.com\/ageninfra","https:\/\/x.com\/agencia_infra","https:\/\/www.linkedin.com\/company\/ag\u00eanciainfra\/","https:\/\/www.instagram.com\/agenciainfra\/"]}]}},"_links":{"self":[{"href":"https:\/\/agenciainfra.com\/blog\/wp-json\/wp\/v2\/pages\/3827","targetHints":{"allow":["GET"]}}],"collection":[{"href":"https:\/\/agenciainfra.com\/blog\/wp-json\/wp\/v2\/pages"}],"about":[{"href":"https:\/\/agenciainfra.com\/blog\/wp-json\/wp\/v2\/types\/page"}],"author":[{"embeddable":true,"href":"https:\/\/agenciainfra.com\/blog\/wp-json\/wp\/v2\/users\/9"}],"replies":[{"embeddable":true,"href":"https:\/\/agenciainfra.com\/blog\/wp-json\/wp\/v2\/comments?post=3827"}],"version-history":[{"count":0,"href":"https:\/\/agenciainfra.com\/blog\/wp-json\/wp\/v2\/pages\/3827\/revisions"}],"wp:featuredmedia":[{"embeddable":true,"href":"https:\/\/agenciainfra.com\/blog\/wp-json\/wp\/v2\/media\/3828"}],"wp:attachment":[{"href":"https:\/\/agenciainfra.com\/blog\/wp-json\/wp\/v2\/media?parent=3827"}],"curies":[{"name":"wp","href":"https:\/\/api.w.org\/{rel}","templated":true}]}}