{"id":3836,"date":"2019-10-03T13:30:20","date_gmt":"2019-10-03T16:30:20","guid":{"rendered":"http:\/\/www.agenciainfra.com\/blog\/?page_id=3836"},"modified":"2019-10-03T12:32:30","modified_gmt":"2019-10-03T15:32:30","slug":"economia-protecao-nacional-nao-e-politica-adequada-para-garantir-regularidade","status":"publish","type":"page","link":"https:\/\/agenciainfra.com\/blog\/economia-protecao-nacional-nao-e-politica-adequada-para-garantir-regularidade\/","title":{"rendered":"Economia: Prote\u00e7\u00e3o nacional n\u00e3o \u00e9 pol\u00edtica adequada para garantir regularidade"},"content":{"rendered":"<h5 style=\"text-align: right;\"><strong>da Ag\u00eancia iNFRA<\/strong><\/h5>\n<div>O secret\u00e1rio de Advocacia da Concorr\u00eancia do Minist\u00e9rio da Economia, Cesar Mattos, afirmou que a pasta n\u00e3o \u00e9 favor\u00e1vel \u00e0 abertura total do mercado de cabotagem no Brasil para estrangeiros e que este \u00e9 o ponto de converg\u00eancia entre a pasta e o Minist\u00e9rio da Infraestrutura no programa BR do Mar.<\/p>\n<p>&#8220;N\u00e3o defendemos abertura plena para bandeira estrangeira. Todos t\u00eam que ser EBN&#8221;, disse Mattos apontando que h\u00e1 uma assimetria regulat\u00f3ria no setor referente ao trabalho nas embarca\u00e7\u00f5es que n\u00e3o \u00e9 poss\u00edvel superar.<\/p>\n<p>Mas, segundo ele, h\u00e1 pontos de discord\u00e2ncia com as propostas que v\u00eam sendo apresentadas pelo Minist\u00e9rio da Infraestrutura, principalmente em rela\u00e7\u00e3o ao que ele chama de barreiras de entrada no mercado de cabotagem.<\/p>\n<p>&#8220;H\u00e1 barreiras de entrada, sim&#8221;, disse Mattos.<\/p>\n<p>Ele lembrou que as atuais regras de afretamento diminuem o que ele qualificou como testes de mercado, com a cria\u00e7\u00e3o de barreiras de entrada e tamb\u00e9m barreiras de sa\u00edda para o mercado. Mattos lembrou que outro custo alto \u00e9 o de importa\u00e7\u00e3o de navios que n\u00e3o se justificam com o argumento da ind\u00fastria nascente, defendendo a redu\u00e7\u00e3o dos custos de importa\u00e7\u00e3o.<\/p>\n<p>Outra discord\u00e2ncia com o minist\u00e9rio \u00e9 em rela\u00e7\u00e3o \u00e0 defesa de manter regras de afretamento mais rigorosas (a chamada pol\u00edtica de lastro para afretamento), o que criaria regularidade de linhas e embarca\u00e7\u00f5es e evitaria varia\u00e7\u00f5es nos custos de frete quando as embarca\u00e7\u00f5es deixam o Brasil, na vis\u00e3o da Infraestrutura.<\/p>\n<p>&#8220;O ponto \u00e9: voc\u00ea consegue regularidade exigindo que se tenha embarca\u00e7\u00e3o? N\u00e3o consigo ver isso. Precisamos colocar economia nessa discuss\u00e3o e n\u00e3o existe nada na teoria econ\u00f4mica que corrobore essa observa\u00e7\u00e3o&#8221;, disse Mattos defendendo que a regularidade se d\u00ea por contratos de longo prazo. &#8220;Barreira de entrada \u00e9 a pior forma de fazer isso [criar regularidade].&#8221;<\/p>\n<p>Outro ponto colocado pelo secret\u00e1rio foi em rela\u00e7\u00e3o aos custos do setor, entre eles o do adicional de frete. Segundo ele, \u00e9 necess\u00e1rio ainda tratar dos custos da Praticagem, mas isso ser\u00e1 feito em outro momento. Para Mattos, deve-se reconhecer que a Praticagem \u00e9 uma atividade que tem quest\u00f5es de seguran\u00e7a que n\u00e3o podem ser sublimadas. A apresenta\u00e7\u00e3o de Mattos est\u00e1\u00a0<a href=\"https:\/\/agenciainfra.us14.list-manage.com\/track\/click?u=d460dd1bcf9ba0ae040e1fc0f&amp;id=6f3eaba27f&amp;e=c099169394\" target=\"_blank\" rel=\"noopener noreferrer\" data-saferedirecturl=\"https:\/\/www.google.com\/url?q=https:\/\/agenciainfra.us14.list-manage.com\/track\/click?u%3Dd460dd1bcf9ba0ae040e1fc0f%26id%3D6f3eaba27f%26e%3Dc099169394&amp;source=gmail&amp;ust=1570194964226000&amp;usg=AFQjCNFadXhBv64UiR7629ly1lG0WP3I_A\">neste link<\/a>.<\/p>\n<p><strong>Riscos da Atividade<\/strong><br \/>\nO presidente da ABAC, Cleber Cordeiro Lucas, contrap\u00f4s o discurso lembrando dos elevados riscos da atividade de navega\u00e7\u00e3o, inclusive com legisla\u00e7\u00e3o internacional, afirmando ainda que n\u00e3o ter regras espec\u00edficas pode levar a uma pol\u00edtica in\u00f3cua, se o objetivo for retirar carga do setor rodovi\u00e1rio.<\/p>\n<p>&#8220;Quando se pede o m\u00ednimo de lastro e investimento no Brasil, voc\u00ea perde a rela\u00e7\u00e3o de que ela atua numa l\u00f3gica econ\u00f4mica dom\u00e9stica atendendo a atributos da economia nacional&#8221;, disse Lucas apontando que essa escolha pode transformar uma atividade de desenvolvimento numa atividade subsidi\u00e1ria de estrangeiros.<\/p><\/div>\n","protected":false},"excerpt":{"rendered":"<p>da Ag\u00eancia iNFRA O secret\u00e1rio de Advocacia da Concorr\u00eancia do Minist\u00e9rio da Economia, Cesar Mattos, afirmou que a pasta n\u00e3o \u00e9 favor\u00e1vel \u00e0 abertura total do mercado de cabotagem no Brasil para estrangeiros e que este \u00e9 o ponto de converg\u00eancia entre a pasta e o Minist\u00e9rio da Infraestrutura no programa BR do Mar. &#8220;N\u00e3o [&hellip;]<\/p>\n","protected":false},"author":9,"featured_media":3837,"parent":0,"menu_order":0,"comment_status":"closed","ping_status":"closed","template":"","meta":{"_monsterinsights_skip_tracking":false,"_monsterinsights_sitenote_active":false,"_monsterinsights_sitenote_note":"","_monsterinsights_sitenote_category":0,"footnotes":""},"class_list":["post-3836","page","type-page","status-publish","has-post-thumbnail","hentry"],"yoast_head":"<!-- This site is optimized with the Yoast SEO Premium plugin v25.4 (Yoast SEO v26.0) - https:\/\/yoast.com\/wordpress\/plugins\/seo\/ -->\n<title>Economia: Prote\u00e7\u00e3o nacional n\u00e3o \u00e9 pol\u00edtica adequada para garantir regularidade - Ag\u00eancia iNFRA<\/title>\n<meta name=\"robots\" content=\"index, follow, max-snippet:-1, max-image-preview:large, max-video-preview:-1\" \/>\n<link rel=\"canonical\" href=\"https:\/\/agenciainfra.com\/blog\/economia-protecao-nacional-nao-e-politica-adequada-para-garantir-regularidade\/\" \/>\n<meta property=\"og:locale\" content=\"pt_BR\" \/>\n<meta property=\"og:type\" content=\"article\" \/>\n<meta property=\"og:title\" content=\"Economia: Prote\u00e7\u00e3o nacional n\u00e3o \u00e9 pol\u00edtica adequada para garantir regularidade\" \/>\n<meta property=\"og:description\" content=\"da Ag\u00eancia iNFRA O secret\u00e1rio de Advocacia da Concorr\u00eancia do Minist\u00e9rio da Economia, Cesar Mattos, afirmou que a pasta n\u00e3o \u00e9 favor\u00e1vel \u00e0 abertura total do mercado de cabotagem no Brasil para estrangeiros e que este \u00e9 o ponto de converg\u00eancia entre a pasta e o Minist\u00e9rio da Infraestrutura no programa BR do Mar. &#8220;N\u00e3o [&hellip;]\" \/>\n<meta property=\"og:url\" content=\"https:\/\/agenciainfra.com\/blog\/economia-protecao-nacional-nao-e-politica-adequada-para-garantir-regularidade\/\" \/>\n<meta property=\"og:site_name\" content=\"Ag\u00eancia iNFRA\" \/>\n<meta property=\"article:publisher\" content=\"https:\/\/www.facebook.com\/ageninfra\" \/>\n<meta property=\"og:image\" content=\"https:\/\/agenciainfra.com\/blog\/wp-content\/uploads\/2019\/10\/cesar-mattos-foto-andre-coelho-agencia-infra.jpeg\" \/>\n\t<meta property=\"og:image:width\" content=\"1280\" \/>\n\t<meta property=\"og:image:height\" content=\"859\" \/>\n\t<meta property=\"og:image:type\" content=\"image\/jpeg\" \/>\n<meta name=\"twitter:card\" content=\"summary_large_image\" \/>\n<meta name=\"twitter:site\" content=\"@agencia_infra\" \/>\n<meta name=\"twitter:label1\" content=\"Est. tempo de leitura\" \/>\n\t<meta name=\"twitter:data1\" content=\"2 minutos\" \/>\n<script type=\"application\/ld+json\" class=\"yoast-schema-graph\">{\"@context\":\"https:\/\/schema.org\",\"@graph\":[{\"@type\":\"WebPage\",\"@id\":\"https:\/\/agenciainfra.com\/blog\/economia-protecao-nacional-nao-e-politica-adequada-para-garantir-regularidade\/\",\"url\":\"https:\/\/agenciainfra.com\/blog\/economia-protecao-nacional-nao-e-politica-adequada-para-garantir-regularidade\/\",\"name\":\"Economia: Prote\u00e7\u00e3o nacional n\u00e3o \u00e9 pol\u00edtica adequada para garantir regularidade - Ag\u00eancia iNFRA\",\"isPartOf\":{\"@id\":\"https:\/\/agenciainfra.com\/blog\/#website\"},\"primaryImageOfPage\":{\"@id\":\"https:\/\/agenciainfra.com\/blog\/economia-protecao-nacional-nao-e-politica-adequada-para-garantir-regularidade\/#primaryimage\"},\"image\":{\"@id\":\"https:\/\/agenciainfra.com\/blog\/economia-protecao-nacional-nao-e-politica-adequada-para-garantir-regularidade\/#primaryimage\"},\"thumbnailUrl\":\"https:\/\/agenciainfra.com\/blog\/wp-content\/uploads\/2019\/10\/cesar-mattos-foto-andre-coelho-agencia-infra.jpeg\",\"datePublished\":\"2019-10-03T16:30:20+00:00\",\"breadcrumb\":{\"@id\":\"https:\/\/agenciainfra.com\/blog\/economia-protecao-nacional-nao-e-politica-adequada-para-garantir-regularidade\/#breadcrumb\"},\"inLanguage\":\"pt-BR\",\"potentialAction\":[{\"@type\":\"ReadAction\",\"target\":[\"https:\/\/agenciainfra.com\/blog\/economia-protecao-nacional-nao-e-politica-adequada-para-garantir-regularidade\/\"]}]},{\"@type\":\"ImageObject\",\"inLanguage\":\"pt-BR\",\"@id\":\"https:\/\/agenciainfra.com\/blog\/economia-protecao-nacional-nao-e-politica-adequada-para-garantir-regularidade\/#primaryimage\",\"url\":\"https:\/\/agenciainfra.com\/blog\/wp-content\/uploads\/2019\/10\/cesar-mattos-foto-andre-coelho-agencia-infra.jpeg\",\"contentUrl\":\"https:\/\/agenciainfra.com\/blog\/wp-content\/uploads\/2019\/10\/cesar-mattos-foto-andre-coelho-agencia-infra.jpeg\",\"width\":1280,\"height\":859},{\"@type\":\"BreadcrumbList\",\"@id\":\"https:\/\/agenciainfra.com\/blog\/economia-protecao-nacional-nao-e-politica-adequada-para-garantir-regularidade\/#breadcrumb\",\"itemListElement\":[{\"@type\":\"ListItem\",\"position\":1,\"name\":\"In\u00edcio\",\"item\":\"https:\/\/agenciainfra.com\/blog\/\"},{\"@type\":\"ListItem\",\"position\":2,\"name\":\"Economia: Prote\u00e7\u00e3o nacional n\u00e3o \u00e9 pol\u00edtica adequada para garantir regularidade\"}]},{\"@type\":\"WebSite\",\"@id\":\"https:\/\/agenciainfra.com\/blog\/#website\",\"url\":\"https:\/\/agenciainfra.com\/blog\/\",\"name\":\"Ag\u00eancia iNFRA\",\"description\":\"Multiplataforma de informa\u00e7\u00e3o jornal\u00edstica refer\u00eancia na \u00e1rea de infraestrutura no Brasil!\",\"publisher\":{\"@id\":\"https:\/\/agenciainfra.com\/blog\/#organization\"},\"potentialAction\":[{\"@type\":\"SearchAction\",\"target\":{\"@type\":\"EntryPoint\",\"urlTemplate\":\"https:\/\/agenciainfra.com\/blog\/?s={search_term_string}\"},\"query-input\":{\"@type\":\"PropertyValueSpecification\",\"valueRequired\":true,\"valueName\":\"search_term_string\"}}],\"inLanguage\":\"pt-BR\"},{\"@type\":\"Organization\",\"@id\":\"https:\/\/agenciainfra.com\/blog\/#organization\",\"name\":\"Ag\u00eancia iNFRA\",\"url\":\"https:\/\/agenciainfra.com\/blog\/\",\"logo\":{\"@type\":\"ImageObject\",\"inLanguage\":\"pt-BR\",\"@id\":\"https:\/\/agenciainfra.com\/blog\/#\/schema\/logo\/image\/\",\"url\":\"https:\/\/agenciainfra.com\/blog\/wp-content\/uploads\/2023\/09\/iNFRA_5-e1761735885940.png\",\"contentUrl\":\"https:\/\/agenciainfra.com\/blog\/wp-content\/uploads\/2023\/09\/iNFRA_5-e1761735885940.png\",\"width\":1672,\"height\":454,\"caption\":\"Ag\u00eancia iNFRA\"},\"image\":{\"@id\":\"https:\/\/agenciainfra.com\/blog\/#\/schema\/logo\/image\/\"},\"sameAs\":[\"https:\/\/www.facebook.com\/ageninfra\",\"https:\/\/x.com\/agencia_infra\",\"https:\/\/www.linkedin.com\/company\/ag\u00eanciainfra\/\",\"https:\/\/www.instagram.com\/agenciainfra\/\"]}]}<\/script>\n<!-- \/ Yoast SEO Premium plugin. -->","yoast_head_json":{"title":"Economia: Prote\u00e7\u00e3o nacional n\u00e3o \u00e9 pol\u00edtica adequada para garantir regularidade - Ag\u00eancia iNFRA","robots":{"index":"index","follow":"follow","max-snippet":"max-snippet:-1","max-image-preview":"max-image-preview:large","max-video-preview":"max-video-preview:-1"},"canonical":"https:\/\/agenciainfra.com\/blog\/economia-protecao-nacional-nao-e-politica-adequada-para-garantir-regularidade\/","og_locale":"pt_BR","og_type":"article","og_title":"Economia: Prote\u00e7\u00e3o nacional n\u00e3o \u00e9 pol\u00edtica adequada para garantir regularidade","og_description":"da Ag\u00eancia iNFRA O secret\u00e1rio de Advocacia da Concorr\u00eancia do Minist\u00e9rio da Economia, Cesar Mattos, afirmou que a pasta n\u00e3o \u00e9 favor\u00e1vel \u00e0 abertura total do mercado de cabotagem no Brasil para estrangeiros e que este \u00e9 o ponto de converg\u00eancia entre a pasta e o Minist\u00e9rio da Infraestrutura no programa BR do Mar. &#8220;N\u00e3o [&hellip;]","og_url":"https:\/\/agenciainfra.com\/blog\/economia-protecao-nacional-nao-e-politica-adequada-para-garantir-regularidade\/","og_site_name":"Ag\u00eancia iNFRA","article_publisher":"https:\/\/www.facebook.com\/ageninfra","og_image":[{"width":1280,"height":859,"url":"https:\/\/agenciainfra.com\/blog\/wp-content\/uploads\/2019\/10\/cesar-mattos-foto-andre-coelho-agencia-infra.jpeg","type":"image\/jpeg"}],"twitter_card":"summary_large_image","twitter_site":"@agencia_infra","twitter_misc":{"Est. tempo de leitura":"2 minutos"},"schema":{"@context":"https:\/\/schema.org","@graph":[{"@type":"WebPage","@id":"https:\/\/agenciainfra.com\/blog\/economia-protecao-nacional-nao-e-politica-adequada-para-garantir-regularidade\/","url":"https:\/\/agenciainfra.com\/blog\/economia-protecao-nacional-nao-e-politica-adequada-para-garantir-regularidade\/","name":"Economia: Prote\u00e7\u00e3o nacional n\u00e3o \u00e9 pol\u00edtica adequada para garantir regularidade - Ag\u00eancia iNFRA","isPartOf":{"@id":"https:\/\/agenciainfra.com\/blog\/#website"},"primaryImageOfPage":{"@id":"https:\/\/agenciainfra.com\/blog\/economia-protecao-nacional-nao-e-politica-adequada-para-garantir-regularidade\/#primaryimage"},"image":{"@id":"https:\/\/agenciainfra.com\/blog\/economia-protecao-nacional-nao-e-politica-adequada-para-garantir-regularidade\/#primaryimage"},"thumbnailUrl":"https:\/\/agenciainfra.com\/blog\/wp-content\/uploads\/2019\/10\/cesar-mattos-foto-andre-coelho-agencia-infra.jpeg","datePublished":"2019-10-03T16:30:20+00:00","breadcrumb":{"@id":"https:\/\/agenciainfra.com\/blog\/economia-protecao-nacional-nao-e-politica-adequada-para-garantir-regularidade\/#breadcrumb"},"inLanguage":"pt-BR","potentialAction":[{"@type":"ReadAction","target":["https:\/\/agenciainfra.com\/blog\/economia-protecao-nacional-nao-e-politica-adequada-para-garantir-regularidade\/"]}]},{"@type":"ImageObject","inLanguage":"pt-BR","@id":"https:\/\/agenciainfra.com\/blog\/economia-protecao-nacional-nao-e-politica-adequada-para-garantir-regularidade\/#primaryimage","url":"https:\/\/agenciainfra.com\/blog\/wp-content\/uploads\/2019\/10\/cesar-mattos-foto-andre-coelho-agencia-infra.jpeg","contentUrl":"https:\/\/agenciainfra.com\/blog\/wp-content\/uploads\/2019\/10\/cesar-mattos-foto-andre-coelho-agencia-infra.jpeg","width":1280,"height":859},{"@type":"BreadcrumbList","@id":"https:\/\/agenciainfra.com\/blog\/economia-protecao-nacional-nao-e-politica-adequada-para-garantir-regularidade\/#breadcrumb","itemListElement":[{"@type":"ListItem","position":1,"name":"In\u00edcio","item":"https:\/\/agenciainfra.com\/blog\/"},{"@type":"ListItem","position":2,"name":"Economia: Prote\u00e7\u00e3o nacional n\u00e3o \u00e9 pol\u00edtica adequada para garantir regularidade"}]},{"@type":"WebSite","@id":"https:\/\/agenciainfra.com\/blog\/#website","url":"https:\/\/agenciainfra.com\/blog\/","name":"Ag\u00eancia iNFRA","description":"Multiplataforma de informa\u00e7\u00e3o jornal\u00edstica refer\u00eancia na \u00e1rea de infraestrutura no Brasil!","publisher":{"@id":"https:\/\/agenciainfra.com\/blog\/#organization"},"potentialAction":[{"@type":"SearchAction","target":{"@type":"EntryPoint","urlTemplate":"https:\/\/agenciainfra.com\/blog\/?s={search_term_string}"},"query-input":{"@type":"PropertyValueSpecification","valueRequired":true,"valueName":"search_term_string"}}],"inLanguage":"pt-BR"},{"@type":"Organization","@id":"https:\/\/agenciainfra.com\/blog\/#organization","name":"Ag\u00eancia iNFRA","url":"https:\/\/agenciainfra.com\/blog\/","logo":{"@type":"ImageObject","inLanguage":"pt-BR","@id":"https:\/\/agenciainfra.com\/blog\/#\/schema\/logo\/image\/","url":"https:\/\/agenciainfra.com\/blog\/wp-content\/uploads\/2023\/09\/iNFRA_5-e1761735885940.png","contentUrl":"https:\/\/agenciainfra.com\/blog\/wp-content\/uploads\/2023\/09\/iNFRA_5-e1761735885940.png","width":1672,"height":454,"caption":"Ag\u00eancia iNFRA"},"image":{"@id":"https:\/\/agenciainfra.com\/blog\/#\/schema\/logo\/image\/"},"sameAs":["https:\/\/www.facebook.com\/ageninfra","https:\/\/x.com\/agencia_infra","https:\/\/www.linkedin.com\/company\/ag\u00eanciainfra\/","https:\/\/www.instagram.com\/agenciainfra\/"]}]}},"_links":{"self":[{"href":"https:\/\/agenciainfra.com\/blog\/wp-json\/wp\/v2\/pages\/3836","targetHints":{"allow":["GET"]}}],"collection":[{"href":"https:\/\/agenciainfra.com\/blog\/wp-json\/wp\/v2\/pages"}],"about":[{"href":"https:\/\/agenciainfra.com\/blog\/wp-json\/wp\/v2\/types\/page"}],"author":[{"embeddable":true,"href":"https:\/\/agenciainfra.com\/blog\/wp-json\/wp\/v2\/users\/9"}],"replies":[{"embeddable":true,"href":"https:\/\/agenciainfra.com\/blog\/wp-json\/wp\/v2\/comments?post=3836"}],"version-history":[{"count":0,"href":"https:\/\/agenciainfra.com\/blog\/wp-json\/wp\/v2\/pages\/3836\/revisions"}],"wp:featuredmedia":[{"embeddable":true,"href":"https:\/\/agenciainfra.com\/blog\/wp-json\/wp\/v2\/media\/3837"}],"wp:attachment":[{"href":"https:\/\/agenciainfra.com\/blog\/wp-json\/wp\/v2\/media?parent=3836"}],"curies":[{"name":"wp","href":"https:\/\/api.w.org\/{rel}","templated":true}]}}