{"id":887,"date":"2017-06-26T18:22:54","date_gmt":"2017-06-26T21:22:54","guid":{"rendered":"http:\/\/www.agenciainfra.com\/blog\/?page_id=887"},"modified":"2023-09-01T03:04:16","modified_gmt":"2023-09-01T06:04:16","slug":"infraentrevista","status":"publish","type":"page","link":"https:\/\/agenciainfra.com\/blog\/infraentrevista\/","title":{"rendered":"Home Antiga"},"content":{"rendered":"<p><img decoding=\"async\" class=\"size-medium wp-image-629 aligncenter\" src=\"http:\/\/www.agenciainfra.com\/agenciainfra\/blog\/wp-content\/uploads\/2017\/05\/unnamed-300x90.png\" alt=\"\" width=\"300\" height=\"90\" srcset=\"https:\/\/agenciainfra.com\/blog\/wp-content\/uploads\/2017\/05\/unnamed-300x90.png 300w, https:\/\/agenciainfra.com\/blog\/wp-content\/uploads\/2017\/05\/unnamed-322x96.png 322w, https:\/\/agenciainfra.com\/blog\/wp-content\/uploads\/2017\/05\/unnamed.png 593w\" sizes=\"(max-width: 300px) 100vw, 300px\" \/><\/p>\n<hr>\n<ul class=\"primary menu;\"><?php $args = array(\n\t'sort_order' => &#8216;desc&#8217;,<br \/>\n&#8216;sort_column&#8217; => &#8216;post_date&#8217;,<br \/>\n&#8216;hierarchical&#8217; => 1,<br \/>\n&#8216;exclude&#8217; => &#8221;,<br \/>\n&#8216;include&#8217; => &#8221;,<br \/>\n&#8216;meta_key&#8217; => &#8221;,<br \/>\n&#8216;meta_value&#8217; => &#8221;,<br \/>\n&#8216;authors&#8217; => &#8221;,<br \/>\n&#8216;child_of&#8217; => 0,<br \/>\n&#8216;parent&#8217; => -1,<br \/>\n&#8216;exclude_tree&#8217; => &#8216;887&#8217;,<br \/>\n&#8216;number&#8217; => &#8221;,<br \/>\n&#8216;offset&#8217; => 0,<br \/>\n&#8216;post_type&#8217; => &#8216;page&#8217;,<br \/>\n&#8216;post_status&#8217; => &#8216;publish&#8217;<br \/>\n); ?><br \/>\n<?php $our_pages = get_pages($args); ?><br \/>\n<?php if (!empty($our_pages)): ?><br \/>\n<?php foreach ($our_pages as $key => $page_item): ?><\/p>\n<li>\n                <a href=\"<?php echo esc_url(get_permalink($page_item->ID)); ?>&#8221;><?php echo $page_item->post_title ; ?><\/a><\/li>\n<p><?php endforeach ?><br \/>\n<?php endif ?><\/ul>\n<p><?php wp_list_pages( 'sort_column=post_date&#038;sort_order=desc&#038;exclude=887&#038;link_after=\n\n&#038;title_li=') ?><\/p>\n","protected":false},"excerpt":{"rendered":"","protected":false},"author":1,"featured_media":0,"parent":0,"menu_order":0,"comment_status":"closed","ping_status":"closed","template":"","meta":{"_monsterinsights_skip_tracking":false,"_monsterinsights_sitenote_active":false,"_monsterinsights_sitenote_note":"","_monsterinsights_sitenote_category":0,"footnotes":""},"class_list":["post-887","page","type-page","status-publish","hentry"],"yoast_head":"<!-- This site is optimized with the Yoast SEO Premium plugin v25.4 (Yoast SEO v26.0) - https:\/\/yoast.com\/wordpress\/plugins\/seo\/ -->\n<title>Home Antiga - Ag\u00eancia iNFRA<\/title>\n<meta name=\"robots\" content=\"index, follow, max-snippet:-1, max-image-preview:large, max-video-preview:-1\" \/>\n<link rel=\"canonical\" href=\"https:\/\/agenciainfra.com\/blog\/infraentrevista\/\" \/>\n<meta property=\"og:locale\" content=\"pt_BR\" \/>\n<meta property=\"og:type\" content=\"article\" \/>\n<meta property=\"og:title\" content=\"Home Antiga\" \/>\n<meta property=\"og:url\" content=\"https:\/\/agenciainfra.com\/blog\/infraentrevista\/\" \/>\n<meta property=\"og:site_name\" content=\"Ag\u00eancia iNFRA\" \/>\n<meta property=\"article:publisher\" content=\"https:\/\/www.facebook.com\/ageninfra\" \/>\n<meta property=\"article:modified_time\" content=\"2023-09-01T06:04:16+00:00\" \/>\n<meta property=\"og:image\" content=\"http:\/\/www.agenciainfra.com\/agenciainfra\/blog\/wp-content\/uploads\/2017\/05\/unnamed-300x90.png\" \/>\n<meta name=\"twitter:card\" content=\"summary_large_image\" \/>\n<meta name=\"twitter:site\" content=\"@agencia_infra\" \/>\n<script type=\"application\/ld+json\" class=\"yoast-schema-graph\">{\"@context\":\"https:\/\/schema.org\",\"@graph\":[{\"@type\":\"WebPage\",\"@id\":\"https:\/\/agenciainfra.com\/blog\/infraentrevista\/\",\"url\":\"https:\/\/agenciainfra.com\/blog\/infraentrevista\/\",\"name\":\"Home Antiga - Ag\u00eancia iNFRA\",\"isPartOf\":{\"@id\":\"https:\/\/agenciainfra.com\/blog\/#website\"},\"primaryImageOfPage\":{\"@id\":\"https:\/\/agenciainfra.com\/blog\/infraentrevista\/#primaryimage\"},\"image\":{\"@id\":\"https:\/\/agenciainfra.com\/blog\/infraentrevista\/#primaryimage\"},\"thumbnailUrl\":\"http:\/\/www.agenciainfra.com\/agenciainfra\/blog\/wp-content\/uploads\/2017\/05\/unnamed-300x90.png\",\"datePublished\":\"2017-06-26T21:22:54+00:00\",\"dateModified\":\"2023-09-01T06:04:16+00:00\",\"breadcrumb\":{\"@id\":\"https:\/\/agenciainfra.com\/blog\/infraentrevista\/#breadcrumb\"},\"inLanguage\":\"pt-BR\",\"potentialAction\":[{\"@type\":\"ReadAction\",\"target\":[\"https:\/\/agenciainfra.com\/blog\/infraentrevista\/\"]}]},{\"@type\":\"ImageObject\",\"inLanguage\":\"pt-BR\",\"@id\":\"https:\/\/agenciainfra.com\/blog\/infraentrevista\/#primaryimage\",\"url\":\"http:\/\/www.agenciainfra.com\/agenciainfra\/blog\/wp-content\/uploads\/2017\/05\/unnamed-300x90.png\",\"contentUrl\":\"http:\/\/www.agenciainfra.com\/agenciainfra\/blog\/wp-content\/uploads\/2017\/05\/unnamed-300x90.png\"},{\"@type\":\"BreadcrumbList\",\"@id\":\"https:\/\/agenciainfra.com\/blog\/infraentrevista\/#breadcrumb\",\"itemListElement\":[{\"@type\":\"ListItem\",\"position\":1,\"name\":\"In\u00edcio\",\"item\":\"https:\/\/agenciainfra.com\/blog\/\"},{\"@type\":\"ListItem\",\"position\":2,\"name\":\"Home Antiga\"}]},{\"@type\":\"WebSite\",\"@id\":\"https:\/\/agenciainfra.com\/blog\/#website\",\"url\":\"https:\/\/agenciainfra.com\/blog\/\",\"name\":\"Ag\u00eancia iNFRA\",\"description\":\"Multiplataforma de informa\u00e7\u00e3o jornal\u00edstica refer\u00eancia na \u00e1rea de infraestrutura no Brasil!\",\"publisher\":{\"@id\":\"https:\/\/agenciainfra.com\/blog\/#organization\"},\"potentialAction\":[{\"@type\":\"SearchAction\",\"target\":{\"@type\":\"EntryPoint\",\"urlTemplate\":\"https:\/\/agenciainfra.com\/blog\/?s={search_term_string}\"},\"query-input\":{\"@type\":\"PropertyValueSpecification\",\"valueRequired\":true,\"valueName\":\"search_term_string\"}}],\"inLanguage\":\"pt-BR\"},{\"@type\":\"Organization\",\"@id\":\"https:\/\/agenciainfra.com\/blog\/#organization\",\"name\":\"Ag\u00eancia iNFRA\",\"url\":\"https:\/\/agenciainfra.com\/blog\/\",\"logo\":{\"@type\":\"ImageObject\",\"inLanguage\":\"pt-BR\",\"@id\":\"https:\/\/agenciainfra.com\/blog\/#\/schema\/logo\/image\/\",\"url\":\"https:\/\/agenciainfra.com\/blog\/wp-content\/uploads\/2023\/09\/iNFRA_5-e1761735885940.png\",\"contentUrl\":\"https:\/\/agenciainfra.com\/blog\/wp-content\/uploads\/2023\/09\/iNFRA_5-e1761735885940.png\",\"width\":1672,\"height\":454,\"caption\":\"Ag\u00eancia iNFRA\"},\"image\":{\"@id\":\"https:\/\/agenciainfra.com\/blog\/#\/schema\/logo\/image\/\"},\"sameAs\":[\"https:\/\/www.facebook.com\/ageninfra\",\"https:\/\/x.com\/agencia_infra\",\"https:\/\/www.linkedin.com\/company\/ag\u00eanciainfra\/\",\"https:\/\/www.instagram.com\/agenciainfra\/\"]}]}<\/script>\n<!-- \/ Yoast SEO Premium plugin. -->","yoast_head_json":{"title":"Home Antiga - Ag\u00eancia iNFRA","robots":{"index":"index","follow":"follow","max-snippet":"max-snippet:-1","max-image-preview":"max-image-preview:large","max-video-preview":"max-video-preview:-1"},"canonical":"https:\/\/agenciainfra.com\/blog\/infraentrevista\/","og_locale":"pt_BR","og_type":"article","og_title":"Home Antiga","og_url":"https:\/\/agenciainfra.com\/blog\/infraentrevista\/","og_site_name":"Ag\u00eancia iNFRA","article_publisher":"https:\/\/www.facebook.com\/ageninfra","article_modified_time":"2023-09-01T06:04:16+00:00","og_image":[{"url":"http:\/\/www.agenciainfra.com\/agenciainfra\/blog\/wp-content\/uploads\/2017\/05\/unnamed-300x90.png","type":"","width":"","height":""}],"twitter_card":"summary_large_image","twitter_site":"@agencia_infra","schema":{"@context":"https:\/\/schema.org","@graph":[{"@type":"WebPage","@id":"https:\/\/agenciainfra.com\/blog\/infraentrevista\/","url":"https:\/\/agenciainfra.com\/blog\/infraentrevista\/","name":"Home Antiga - Ag\u00eancia iNFRA","isPartOf":{"@id":"https:\/\/agenciainfra.com\/blog\/#website"},"primaryImageOfPage":{"@id":"https:\/\/agenciainfra.com\/blog\/infraentrevista\/#primaryimage"},"image":{"@id":"https:\/\/agenciainfra.com\/blog\/infraentrevista\/#primaryimage"},"thumbnailUrl":"http:\/\/www.agenciainfra.com\/agenciainfra\/blog\/wp-content\/uploads\/2017\/05\/unnamed-300x90.png","datePublished":"2017-06-26T21:22:54+00:00","dateModified":"2023-09-01T06:04:16+00:00","breadcrumb":{"@id":"https:\/\/agenciainfra.com\/blog\/infraentrevista\/#breadcrumb"},"inLanguage":"pt-BR","potentialAction":[{"@type":"ReadAction","target":["https:\/\/agenciainfra.com\/blog\/infraentrevista\/"]}]},{"@type":"ImageObject","inLanguage":"pt-BR","@id":"https:\/\/agenciainfra.com\/blog\/infraentrevista\/#primaryimage","url":"http:\/\/www.agenciainfra.com\/agenciainfra\/blog\/wp-content\/uploads\/2017\/05\/unnamed-300x90.png","contentUrl":"http:\/\/www.agenciainfra.com\/agenciainfra\/blog\/wp-content\/uploads\/2017\/05\/unnamed-300x90.png"},{"@type":"BreadcrumbList","@id":"https:\/\/agenciainfra.com\/blog\/infraentrevista\/#breadcrumb","itemListElement":[{"@type":"ListItem","position":1,"name":"In\u00edcio","item":"https:\/\/agenciainfra.com\/blog\/"},{"@type":"ListItem","position":2,"name":"Home Antiga"}]},{"@type":"WebSite","@id":"https:\/\/agenciainfra.com\/blog\/#website","url":"https:\/\/agenciainfra.com\/blog\/","name":"Ag\u00eancia iNFRA","description":"Multiplataforma de informa\u00e7\u00e3o jornal\u00edstica refer\u00eancia na \u00e1rea de infraestrutura no Brasil!","publisher":{"@id":"https:\/\/agenciainfra.com\/blog\/#organization"},"potentialAction":[{"@type":"SearchAction","target":{"@type":"EntryPoint","urlTemplate":"https:\/\/agenciainfra.com\/blog\/?s={search_term_string}"},"query-input":{"@type":"PropertyValueSpecification","valueRequired":true,"valueName":"search_term_string"}}],"inLanguage":"pt-BR"},{"@type":"Organization","@id":"https:\/\/agenciainfra.com\/blog\/#organization","name":"Ag\u00eancia iNFRA","url":"https:\/\/agenciainfra.com\/blog\/","logo":{"@type":"ImageObject","inLanguage":"pt-BR","@id":"https:\/\/agenciainfra.com\/blog\/#\/schema\/logo\/image\/","url":"https:\/\/agenciainfra.com\/blog\/wp-content\/uploads\/2023\/09\/iNFRA_5-e1761735885940.png","contentUrl":"https:\/\/agenciainfra.com\/blog\/wp-content\/uploads\/2023\/09\/iNFRA_5-e1761735885940.png","width":1672,"height":454,"caption":"Ag\u00eancia iNFRA"},"image":{"@id":"https:\/\/agenciainfra.com\/blog\/#\/schema\/logo\/image\/"},"sameAs":["https:\/\/www.facebook.com\/ageninfra","https:\/\/x.com\/agencia_infra","https:\/\/www.linkedin.com\/company\/ag\u00eanciainfra\/","https:\/\/www.instagram.com\/agenciainfra\/"]}]}},"_links":{"self":[{"href":"https:\/\/agenciainfra.com\/blog\/wp-json\/wp\/v2\/pages\/887","targetHints":{"allow":["GET"]}}],"collection":[{"href":"https:\/\/agenciainfra.com\/blog\/wp-json\/wp\/v2\/pages"}],"about":[{"href":"https:\/\/agenciainfra.com\/blog\/wp-json\/wp\/v2\/types\/page"}],"author":[{"embeddable":true,"href":"https:\/\/agenciainfra.com\/blog\/wp-json\/wp\/v2\/users\/1"}],"replies":[{"embeddable":true,"href":"https:\/\/agenciainfra.com\/blog\/wp-json\/wp\/v2\/comments?post=887"}],"version-history":[{"count":0,"href":"https:\/\/agenciainfra.com\/blog\/wp-json\/wp\/v2\/pages\/887\/revisions"}],"wp:attachment":[{"href":"https:\/\/agenciainfra.com\/blog\/wp-json\/wp\/v2\/media?parent=887"}],"curies":[{"name":"wp","href":"https:\/\/api.w.org\/{rel}","templated":true}]}}